{"id":755,"date":"2017-03-08T16:52:06","date_gmt":"2017-03-08T14:52:06","guid":{"rendered":"http:\/\/pakkoneuloosi86.blogaaja.fi\/?page_id=755"},"modified":"2017-03-08T16:52:06","modified_gmt":"2017-03-08T14:52:06","slug":"saviruukkujen-tuunausta-8-3-2017","status":"publish","type":"page","link":"https:\/\/pakkoneuloosi86.blogaaja.fi\/?page_id=755","title":{"rendered":"-Saviruukkujen tuunausta 8.3.2017"},"content":{"rendered":"<p>Pienimuotosta saviruukkujen tuunausta tossa yhten\u00e4 p\u00e4iv\u00e4n\u00e4 tein. Sisko ja sen avopuoliso sai tuparilahjaks ruukkuja \ud83d\ude00<\/p>\n<p><img loading=\"lazy\" class=\"alignnone size-medium wp-image-756\" src=\"http:\/\/pakkoneuloosi86.blogaaja.fi\/files\/2017\/03\/IMG_20170205_175258-300x169.jpg\" alt=\"\" width=\"300\" height=\"169\" srcset=\"https:\/\/pakkoneuloosi86.blogaaja.fi\/files\/2017\/03\/IMG_20170205_175258-300x169.jpg 300w, https:\/\/pakkoneuloosi86.blogaaja.fi\/files\/2017\/03\/IMG_20170205_175258-768x432.jpg 768w, https:\/\/pakkoneuloosi86.blogaaja.fi\/files\/2017\/03\/IMG_20170205_175258.jpg 1024w\" sizes=\"(max-width: 300px) 100vw, 300px\" \/><\/p>\n<p>Saviruukut spraymaalasin Mastonin violetin s\u00e4vyll\u00e4<\/p>\n<p><img loading=\"lazy\" class=\"alignnone size-medium wp-image-757\" src=\"http:\/\/pakkoneuloosi86.blogaaja.fi\/files\/2017\/03\/IMG_20170205_175234-141x300.jpg\" alt=\"\" width=\"141\" height=\"300\" srcset=\"https:\/\/pakkoneuloosi86.blogaaja.fi\/files\/2017\/03\/IMG_20170205_175234-141x300.jpg 141w, https:\/\/pakkoneuloosi86.blogaaja.fi\/files\/2017\/03\/IMG_20170205_175234.jpg 480w\" sizes=\"(max-width: 141px) 100vw, 141px\" \/><\/p>\n<p>Noin vuorokauden annoin kuivua. 2-3 kertaa maalasin ruukut.<\/p>\n<p>Liimaa hain Tokmannilta, mill\u00e4 liimasin helmi\u00e4 ruukkuihin kiinni.<\/p>\n<p><img loading=\"lazy\" class=\"alignnone size-medium wp-image-759\" src=\"http:\/\/pakkoneuloosi86.blogaaja.fi\/files\/2017\/03\/IMG_20170308_170220-143x300.jpg\" alt=\"\" width=\"143\" height=\"300\" srcset=\"https:\/\/pakkoneuloosi86.blogaaja.fi\/files\/2017\/03\/IMG_20170308_170220-143x300.jpg 143w, https:\/\/pakkoneuloosi86.blogaaja.fi\/files\/2017\/03\/IMG_20170308_170220.jpg 489w\" sizes=\"(max-width: 143px) 100vw, 143px\" \/><\/p>\n<p>Ja lopputulos oli t\u00e4mm\u00f6nen \ud83d\ude42<\/p>\n<p><img loading=\"lazy\" class=\"alignnone size-medium wp-image-760\" src=\"http:\/\/pakkoneuloosi86.blogaaja.fi\/files\/2017\/03\/IMG_20170305_145105-300x73.jpg\" alt=\"\" width=\"300\" height=\"73\" srcset=\"https:\/\/pakkoneuloosi86.blogaaja.fi\/files\/2017\/03\/IMG_20170305_145105-300x73.jpg 300w, https:\/\/pakkoneuloosi86.blogaaja.fi\/files\/2017\/03\/IMG_20170305_145105-768x187.jpg 768w, https:\/\/pakkoneuloosi86.blogaaja.fi\/files\/2017\/03\/IMG_20170305_145105.jpg 1024w\" sizes=\"(max-width: 300px) 100vw, 300px\" \/><\/p>\n<p>Nyt niihin on kuulemma kylvetty yrttej\u00e4 \ud83d\ude42<\/p>\n<p>Ihanaa naistenp\u00e4iv\u00e4\u00e4!!<\/p>\n<p>&lt;3 Heidi<\/p>\n","protected":false},"excerpt":{"rendered":"<p>Pienimuotosta saviruukkujen tuunausta tossa yhten\u00e4 p\u00e4iv\u00e4n\u00e4 tein. Sisko ja sen avopuoliso sai tuparilahjaks ruukkuja \ud83d\ude00 Saviruukut spraymaalasin Mastonin violetin s\u00e4vyll\u00e4 Noin vuorokauden annoin kuivua. 2-3 kertaa maalasin ruukut. Liimaa hain Tokmannilta, mill\u00e4 liimasin helmi\u00e4 ruukkuihin kiinni. Ja lopputulos oli t\u00e4mm\u00f6nen \ud83d\ude42 Nyt niihin on kuulemma kylvetty yrttej\u00e4 \ud83d\ude42 Ihanaa naistenp\u00e4iv\u00e4\u00e4!! &lt;3 Heidi<\/p>\n","protected":false},"author":15737,"featured_media":0,"parent":186,"menu_order":4,"comment_status":"open","ping_status":"closed","template":"","meta":[],"yoast_head":"<!-- This site is optimized with the Yoast SEO plugin v15.6.2 - https:\/\/yoast.com\/wordpress\/plugins\/seo\/ -->\n<title>-Saviruukkujen tuunausta 8.3.2017 - Pakkoneulootikon el\u00e4m\u00e4\u00e4<\/title>\n<meta name=\"robots\" content=\"index, follow, max-snippet:-1, max-image-preview:large, max-video-preview:-1\" \/>\n<link rel=\"canonical\" href=\"https:\/\/pakkoneuloosi86.blogaaja.fi\/?page_id=755\" \/>\n<meta property=\"og:locale\" content=\"fi_FI\" \/>\n<meta property=\"og:type\" content=\"article\" \/>\n<meta property=\"og:title\" content=\"-Saviruukkujen tuunausta 8.3.2017 - Pakkoneulootikon el\u00e4m\u00e4\u00e4\" \/>\n<meta property=\"og:description\" content=\"Pienimuotosta saviruukkujen tuunausta tossa yhten\u00e4 p\u00e4iv\u00e4n\u00e4 tein. Sisko ja sen avopuoliso sai tuparilahjaks ruukkuja \ud83d\ude00 Saviruukut spraymaalasin Mastonin violetin s\u00e4vyll\u00e4 Noin vuorokauden annoin kuivua. 2-3 kertaa maalasin ruukut. Liimaa hain Tokmannilta, mill\u00e4 liimasin helmi\u00e4 ruukkuihin kiinni. Ja lopputulos oli t\u00e4mm\u00f6nen \ud83d\ude42 Nyt niihin on kuulemma kylvetty yrttej\u00e4 \ud83d\ude42 Ihanaa naistenp\u00e4iv\u00e4\u00e4!! &lt;3 Heidi\" \/>\n<meta property=\"og:url\" content=\"https:\/\/pakkoneuloosi86.blogaaja.fi\/?page_id=755\" \/>\n<meta property=\"og:site_name\" content=\"Pakkoneulootikon el\u00e4m\u00e4\u00e4\" \/>\n<meta property=\"og:image\" content=\"http:\/\/pakkoneuloosi86.blogaaja.fi\/files\/2017\/03\/IMG_20170205_175258-300x169.jpg\" \/>\n<meta name=\"twitter:card\" content=\"summary_large_image\" \/>\n<script type=\"application\/ld+json\" class=\"yoast-schema-graph\">{\"@context\":\"https:\/\/schema.org\",\"@graph\":[{\"@type\":\"WebSite\",\"@id\":\"https:\/\/pakkoneuloosi86.blogaaja.fi\/#website\",\"url\":\"https:\/\/pakkoneuloosi86.blogaaja.fi\/\",\"name\":\"Pakkoneulootikon el\\u00e4m\\u00e4\\u00e4\",\"description\":\"Asiasta aidanseip\\u00e4\\u00e4seen ja takasin ;)\",\"potentialAction\":[{\"@type\":\"SearchAction\",\"target\":\"https:\/\/pakkoneuloosi86.blogaaja.fi\/?s={search_term_string}\",\"query-input\":\"required name=search_term_string\"}],\"inLanguage\":\"fi\"},{\"@type\":\"ImageObject\",\"@id\":\"https:\/\/pakkoneuloosi86.blogaaja.fi\/?page_id=755#primaryimage\",\"inLanguage\":\"fi\",\"url\":\"http:\/\/pakkoneuloosi86.blogaaja.fi\/files\/2017\/03\/IMG_20170205_175258-300x169.jpg\"},{\"@type\":\"WebPage\",\"@id\":\"https:\/\/pakkoneuloosi86.blogaaja.fi\/?page_id=755#webpage\",\"url\":\"https:\/\/pakkoneuloosi86.blogaaja.fi\/?page_id=755\",\"name\":\"-Saviruukkujen tuunausta 8.3.2017 - Pakkoneulootikon el\\u00e4m\\u00e4\\u00e4\",\"isPartOf\":{\"@id\":\"https:\/\/pakkoneuloosi86.blogaaja.fi\/#website\"},\"primaryImageOfPage\":{\"@id\":\"https:\/\/pakkoneuloosi86.blogaaja.fi\/?page_id=755#primaryimage\"},\"datePublished\":\"2017-03-08T14:52:06+00:00\",\"dateModified\":\"2017-03-08T14:52:06+00:00\",\"inLanguage\":\"fi\",\"potentialAction\":[{\"@type\":\"ReadAction\",\"target\":[\"https:\/\/pakkoneuloosi86.blogaaja.fi\/?page_id=755\"]}]}]}<\/script>\n<!-- \/ Yoast SEO plugin. -->","_links":{"self":[{"href":"https:\/\/pakkoneuloosi86.blogaaja.fi\/index.php?rest_route=\/wp\/v2\/pages\/755"}],"collection":[{"href":"https:\/\/pakkoneuloosi86.blogaaja.fi\/index.php?rest_route=\/wp\/v2\/pages"}],"about":[{"href":"https:\/\/pakkoneuloosi86.blogaaja.fi\/index.php?rest_route=\/wp\/v2\/types\/page"}],"author":[{"embeddable":true,"href":"https:\/\/pakkoneuloosi86.blogaaja.fi\/index.php?rest_route=\/wp\/v2\/users\/15737"}],"replies":[{"embeddable":true,"href":"https:\/\/pakkoneuloosi86.blogaaja.fi\/index.php?rest_route=%2Fwp%2Fv2%2Fcomments&post=755"}],"version-history":[{"count":0,"href":"https:\/\/pakkoneuloosi86.blogaaja.fi\/index.php?rest_route=\/wp\/v2\/pages\/755\/revisions"}],"up":[{"embeddable":true,"href":"https:\/\/pakkoneuloosi86.blogaaja.fi\/index.php?rest_route=\/wp\/v2\/pages\/186"}],"wp:attachment":[{"href":"https:\/\/pakkoneuloosi86.blogaaja.fi\/index.php?rest_route=%2Fwp%2Fv2%2Fmedia&parent=755"}],"curies":[{"name":"wp","href":"https:\/\/api.w.org\/{rel}","templated":true}]}}