{"id":740,"date":"2017-03-01T19:40:53","date_gmt":"2017-03-01T17:40:53","guid":{"rendered":"http:\/\/pakkoneuloosi86.blogaaja.fi\/?page_id=740"},"modified":"2017-03-01T19:40:53","modified_gmt":"2017-03-01T17:40:53","slug":"kirjaimia-ja-numeroita-1-3-2017","status":"publish","type":"page","link":"https:\/\/pakkoneuloosi86.blogaaja.fi\/?page_id=740","title":{"rendered":"-Kirjaimia ja numeroita 1.3.2017"},"content":{"rendered":"<p>Ihanaa Maaliskuuta teille kaikille. Nyt elell\u00e4\u00e4n j\u00e4nn\u00e4n \u00e4\u00e4rell\u00e4. Avopuoliso teki eilen ehdollisen tarjouksen rivitalokolmiosta ja nyt pidell\u00e4\u00e4n peukkuja, ett\u00e4 saadaanko se vai ei. T\u00e4ll\u00e4 hetkell\u00e4 odotelttavana olis kuukausi, kun koeaika h\u00e4ll\u00e4 on ohi vakipestiss\u00e4 niin sitten saa nostaa lainan. Tarjous on kyll\u00e4 myyj\u00e4n suunnalta hyv\u00e4ksytty, mutta kohde on edelleen myynniss\u00e4, koska tarjous piti tehd\u00e4 pankista johtuen ehdollisena t\u00e4ss\u00e4 kohtaa, niin joku voi viel\u00e4 sen nen\u00e4n edest\u00e4 vied\u00e4. Oon kuitenkin niin innoissani, jalka jo puoliks oven v\u00e4liss\u00e4 menossa!!! Ette voi ees kuvitella miten ihana olis p\u00e4\u00e4st\u00e4 t\u00e4st\u00e4 kerrostalosta pois, yhteiseen omaan kotiin josssa olis oma pienenpieni takapiha &lt;3<\/p>\n<p>Sit asiasta aidanseip\u00e4\u00e4seen. Poika on ollu aina n\u00e4pp\u00e4r\u00e4 k\u00e4sist\u00e4\u00e4n. Kyn\u00e4ote ja pinsettiote ollu pienest\u00e4 l\u00e4htien hallussa. Viime aikoina on ollut tosi innostunu kaikista kirjain ja numero jutuista. Yhten\u00e4 p\u00e4iv\u00e4n\u00e4 sitten p\u00e4\u00e4tin alkaa tekem\u00e4\u00e4n pojalle teht\u00e4vi\u00e4 vihkoon, kun tuntu ettei kaupan omista kauheesti pitempiaikasta iloa oo. Tuntuu, ettei niiss\u00e4 oo tarpeeks kertausta. Nyt on koko vihko t\u00e4ynn\u00e4 teht\u00e4vi\u00e4 ja varmaan 2\/3 jo tehty. Poika istuu ty\u00f6p\u00f6yd\u00e4n \u00e4\u00e4reen joka p\u00e4iv\u00e4 ja pyyt\u00e4\u00e4, ett\u00e4 \u00e4iti tuu tekem\u00e4\u00e4n mun kanssa teht\u00e4vi\u00e4. Ja meh\u00e4n tehd\u00e4\u00e4n. Yhdess\u00e4.<\/p>\n<p>Alkuun pojan oli tosi vaikee siet\u00e4\u00e4 pettymyst\u00e4 ja uudelleen yritt\u00e4minen oli tosi haastavaa. Nyt on ollu ihan viime p\u00e4ivin\u00e4 upeeta n\u00e4hd\u00e4 kehityst\u00e4 pojassa. H\u00e4n jaksaa keskitty\u00e4 paremmin, kyn\u00e4 ei lentele jos tulee virheit\u00e4, h\u00e4n haluaa ja jaksaa yritt\u00e4\u00e4 uudelleen eik\u00e4 luovuta. Toki h\u00e4n v\u00e4lill\u00e4 kovastikkin kimpaantuu ja sitten haukutaan teht\u00e4v\u00e4t tyhmiks. Mutta kun h\u00e4lle sanoi, ettei ole pakko tehd\u00e4 vaan voi ja saa lopettaa, niin h\u00e4np\u00e4 istuu topakasti tuolilla ja toteaa; \u00c4iti kyll\u00e4 min\u00e4 osaan t\u00e4m\u00e4n! Ja niin h\u00e4n sitten osaakin \ud83d\ude42 T\u00e4ss\u00e4 tulee sitte t\u00e4n osion kuvasaaste \ud83d\ude42<\/p>\n<p>&nbsp;<\/p>\n<figure id=\"attachment_747\" aria-describedby=\"caption-attachment-747\" style=\"width: 189px\" class=\"wp-caption alignnone\"><img loading=\"lazy\" class=\"size-medium wp-image-747\" src=\"http:\/\/pakkoneuloosi86.blogaaja.fi\/files\/2017\/03\/IMG_20170223_161114-189x300.jpg\" alt=\"\" width=\"189\" height=\"300\" srcset=\"https:\/\/pakkoneuloosi86.blogaaja.fi\/files\/2017\/03\/IMG_20170223_161114-189x300.jpg 189w, https:\/\/pakkoneuloosi86.blogaaja.fi\/files\/2017\/03\/IMG_20170223_161114.jpg 646w\" sizes=\"(max-width: 189px) 100vw, 189px\" \/><figcaption id=\"caption-attachment-747\" class=\"wp-caption-text\">Harjotellaan numeroita<\/figcaption><\/figure>\n<figure id=\"attachment_746\" aria-describedby=\"caption-attachment-746\" style=\"width: 198px\" class=\"wp-caption alignnone\"><img loading=\"lazy\" class=\"size-medium wp-image-746\" src=\"http:\/\/pakkoneuloosi86.blogaaja.fi\/files\/2017\/03\/IMG_20170223_161043-198x300.jpg\" alt=\"\" width=\"198\" height=\"300\" srcset=\"https:\/\/pakkoneuloosi86.blogaaja.fi\/files\/2017\/03\/IMG_20170223_161043-198x300.jpg 198w, https:\/\/pakkoneuloosi86.blogaaja.fi\/files\/2017\/03\/IMG_20170223_161043.jpg 677w\" sizes=\"(max-width: 198px) 100vw, 198px\" \/><figcaption id=\"caption-attachment-746\" class=\"wp-caption-text\">V\u00e4hennyslaskua<\/figcaption><\/figure>\n<figure id=\"attachment_741\" aria-describedby=\"caption-attachment-741\" style=\"width: 182px\" class=\"wp-caption alignnone\"><img loading=\"lazy\" class=\"size-medium wp-image-741\" src=\"http:\/\/pakkoneuloosi86.blogaaja.fi\/files\/2017\/03\/IMG_20170223_160711-182x300.jpg\" alt=\"\" width=\"182\" height=\"300\" srcset=\"https:\/\/pakkoneuloosi86.blogaaja.fi\/files\/2017\/03\/IMG_20170223_160711-182x300.jpg 182w, https:\/\/pakkoneuloosi86.blogaaja.fi\/files\/2017\/03\/IMG_20170223_160711.jpg 621w\" sizes=\"(max-width: 182px) 100vw, 182px\" \/><figcaption id=\"caption-attachment-741\" class=\"wp-caption-text\">Ohjeiden noudattamista ja laskemista<\/figcaption><\/figure>\n<figure id=\"attachment_742\" aria-describedby=\"caption-attachment-742\" style=\"width: 190px\" class=\"wp-caption alignnone\"><img loading=\"lazy\" class=\"size-medium wp-image-742\" src=\"http:\/\/pakkoneuloosi86.blogaaja.fi\/files\/2017\/03\/IMG_20170223_160814-190x300.jpg\" alt=\"\" width=\"190\" height=\"300\" srcset=\"https:\/\/pakkoneuloosi86.blogaaja.fi\/files\/2017\/03\/IMG_20170223_160814-190x300.jpg 190w, https:\/\/pakkoneuloosi86.blogaaja.fi\/files\/2017\/03\/IMG_20170223_160814.jpg 649w\" sizes=\"(max-width: 190px) 100vw, 190px\" \/><figcaption id=\"caption-attachment-742\" class=\"wp-caption-text\">Lukujen ja oikean m\u00e4\u00e4r\u00e4n yhdist\u00e4mist\u00e4<\/figcaption><\/figure>\n<figure id=\"attachment_749\" aria-describedby=\"caption-attachment-749\" style=\"width: 196px\" class=\"wp-caption alignnone\"><img loading=\"lazy\" class=\"size-medium wp-image-749\" src=\"http:\/\/pakkoneuloosi86.blogaaja.fi\/files\/2017\/03\/IMG_20170223_161204-196x300.jpg\" alt=\"\" width=\"196\" height=\"300\" srcset=\"https:\/\/pakkoneuloosi86.blogaaja.fi\/files\/2017\/03\/IMG_20170223_161204-196x300.jpg 196w, https:\/\/pakkoneuloosi86.blogaaja.fi\/files\/2017\/03\/IMG_20170223_161204.jpg 670w\" sizes=\"(max-width: 196px) 100vw, 196px\" \/><figcaption id=\"caption-attachment-749\" class=\"wp-caption-text\">Yhteenlaskua<\/figcaption><\/figure>\n<figure id=\"attachment_743\" aria-describedby=\"caption-attachment-743\" style=\"width: 195px\" class=\"wp-caption alignnone\"><img loading=\"lazy\" class=\"size-medium wp-image-743\" src=\"http:\/\/pakkoneuloosi86.blogaaja.fi\/files\/2017\/03\/IMG_20170223_160846-195x300.jpg\" alt=\"\" width=\"195\" height=\"300\" srcset=\"https:\/\/pakkoneuloosi86.blogaaja.fi\/files\/2017\/03\/IMG_20170223_160846-195x300.jpg 195w, https:\/\/pakkoneuloosi86.blogaaja.fi\/files\/2017\/03\/IMG_20170223_160846.jpg 666w\" sizes=\"(max-width: 195px) 100vw, 195px\" \/><figcaption id=\"caption-attachment-743\" class=\"wp-caption-text\">Numerot kirjaimina<\/figcaption><\/figure>\n<figure id=\"attachment_748\" aria-describedby=\"caption-attachment-748\" style=\"width: 195px\" class=\"wp-caption alignnone\"><img loading=\"lazy\" class=\"size-medium wp-image-748\" src=\"http:\/\/pakkoneuloosi86.blogaaja.fi\/files\/2017\/03\/IMG_20170223_161139-195x300.jpg\" alt=\"\" width=\"195\" height=\"300\" srcset=\"https:\/\/pakkoneuloosi86.blogaaja.fi\/files\/2017\/03\/IMG_20170223_161139-195x300.jpg 195w, https:\/\/pakkoneuloosi86.blogaaja.fi\/files\/2017\/03\/IMG_20170223_161139.jpg 665w\" sizes=\"(max-width: 195px) 100vw, 195px\" \/><figcaption id=\"caption-attachment-748\" class=\"wp-caption-text\">Kirjainten harjottelua<\/figcaption><\/figure>\n<figure id=\"attachment_744\" aria-describedby=\"caption-attachment-744\" style=\"width: 197px\" class=\"wp-caption alignnone\"><img loading=\"lazy\" class=\"size-medium wp-image-744\" src=\"http:\/\/pakkoneuloosi86.blogaaja.fi\/files\/2017\/03\/IMG_20170223_160913-197x300.jpg\" alt=\"\" width=\"197\" height=\"300\" srcset=\"https:\/\/pakkoneuloosi86.blogaaja.fi\/files\/2017\/03\/IMG_20170223_160913-197x300.jpg 197w, https:\/\/pakkoneuloosi86.blogaaja.fi\/files\/2017\/03\/IMG_20170223_160913.jpg 672w\" sizes=\"(max-width: 197px) 100vw, 197px\" \/><figcaption id=\"caption-attachment-744\" class=\"wp-caption-text\">Oikean m\u00e4\u00e4r\u00e4n lis\u00e4\u00e4minen<\/figcaption><\/figure>\n<figure id=\"attachment_750\" aria-describedby=\"caption-attachment-750\" style=\"width: 189px\" class=\"wp-caption alignnone\"><img loading=\"lazy\" class=\"size-medium wp-image-750\" src=\"http:\/\/pakkoneuloosi86.blogaaja.fi\/files\/2017\/03\/IMG_20170223_161230-189x300.jpg\" alt=\"\" width=\"189\" height=\"300\" srcset=\"https:\/\/pakkoneuloosi86.blogaaja.fi\/files\/2017\/03\/IMG_20170223_161230-189x300.jpg 189w, https:\/\/pakkoneuloosi86.blogaaja.fi\/files\/2017\/03\/IMG_20170223_161230.jpg 644w\" sizes=\"(max-width: 189px) 100vw, 189px\" \/><figcaption id=\"caption-attachment-750\" class=\"wp-caption-text\">V\u00e4rej\u00e4 ja alkukirjaimia<\/figcaption><\/figure>\n<figure id=\"attachment_745\" aria-describedby=\"caption-attachment-745\" style=\"width: 198px\" class=\"wp-caption alignnone\"><img loading=\"lazy\" class=\"size-medium wp-image-745\" src=\"http:\/\/pakkoneuloosi86.blogaaja.fi\/files\/2017\/03\/IMG_20170223_161014-198x300.jpg\" alt=\"\" width=\"198\" height=\"300\" srcset=\"https:\/\/pakkoneuloosi86.blogaaja.fi\/files\/2017\/03\/IMG_20170223_161014-198x300.jpg 198w, https:\/\/pakkoneuloosi86.blogaaja.fi\/files\/2017\/03\/IMG_20170223_161014.jpg 675w\" sizes=\"(max-width: 198px) 100vw, 198px\" \/><figcaption id=\"caption-attachment-745\" class=\"wp-caption-text\">Tavujen kirjotusta<\/figcaption><\/figure>\n<figure id=\"attachment_751\" aria-describedby=\"caption-attachment-751\" style=\"width: 189px\" class=\"wp-caption alignnone\"><img loading=\"lazy\" class=\"size-medium wp-image-751\" src=\"http:\/\/pakkoneuloosi86.blogaaja.fi\/files\/2017\/03\/IMG_20170223_161257-189x300.jpg\" alt=\"\" width=\"189\" height=\"300\" srcset=\"https:\/\/pakkoneuloosi86.blogaaja.fi\/files\/2017\/03\/IMG_20170223_161257-189x300.jpg 189w, https:\/\/pakkoneuloosi86.blogaaja.fi\/files\/2017\/03\/IMG_20170223_161257.jpg 645w\" sizes=\"(max-width: 189px) 100vw, 189px\" \/><figcaption id=\"caption-attachment-751\" class=\"wp-caption-text\">Muodot kirjaimina<\/figcaption><\/figure>\n<p>Jne. N\u00e4it\u00e4 siis on montakymment\u00e4 sivua tehtyn\u00e4 ja tekem\u00e4tt\u00e4. Ja poika oikeasti nauttii n\u00e4iden tekemisest\u00e4 \ud83d\ude42 Joskus saatan joutua tekem\u00e4\u00e4n numeron tai kirjaimen malliksi, mut p\u00e4\u00e4s\u00e4\u00e4nt\u00f6sesti h\u00e4n itse jo muistaa mink\u00e4 n\u00e4k\u00f6nen mik\u00e4kin kirjain tai numero on \ud83d\ude42 Huomenna taas jatketaan.<\/p>\n<p>Nyt kuppi teet\u00e4, villasukkien kutomista ja Pokka pit\u00e4\u00e4 \ud83d\ude42 Rauhallista iltaa \ud83d\ude42<\/p>\n<p>&lt;3 Heidi<\/p>\n<p>&nbsp;<\/p>\n","protected":false},"excerpt":{"rendered":"<p>Ihanaa Maaliskuuta teille kaikille. Nyt elell\u00e4\u00e4n j\u00e4nn\u00e4n \u00e4\u00e4rell\u00e4. Avopuoliso teki eilen ehdollisen tarjouksen rivitalokolmiosta ja nyt pidell\u00e4\u00e4n peukkuja, ett\u00e4 saadaanko se vai ei. T\u00e4ll\u00e4 hetkell\u00e4 odotelttavana olis kuukausi, kun koeaika h\u00e4ll\u00e4 on ohi vakipestiss\u00e4 niin sitten saa nostaa lainan. Tarjous on kyll\u00e4 myyj\u00e4n suunnalta hyv\u00e4ksytty, mutta kohde on edelleen myynniss\u00e4, koska tarjous piti tehd\u00e4 pankista &hellip; <a href=\"https:\/\/pakkoneuloosi86.blogaaja.fi\/?page_id=740\" class=\"more-link\">Jatka artikkeliin <span class=\"screen-reader-text\">-Kirjaimia ja numeroita 1.3.2017<\/span><\/a><\/p>\n","protected":false},"author":15737,"featured_media":0,"parent":186,"menu_order":3,"comment_status":"open","ping_status":"closed","template":"","meta":[],"yoast_head":"<!-- This site is optimized with the Yoast SEO plugin v15.6.2 - https:\/\/yoast.com\/wordpress\/plugins\/seo\/ -->\n<title>-Kirjaimia ja numeroita 1.3.2017 - Pakkoneulootikon el\u00e4m\u00e4\u00e4<\/title>\n<meta name=\"robots\" content=\"index, follow, max-snippet:-1, max-image-preview:large, max-video-preview:-1\" \/>\n<link rel=\"canonical\" href=\"https:\/\/pakkoneuloosi86.blogaaja.fi\/?page_id=740\" \/>\n<meta property=\"og:locale\" content=\"fi_FI\" \/>\n<meta property=\"og:type\" content=\"article\" \/>\n<meta property=\"og:title\" content=\"-Kirjaimia ja numeroita 1.3.2017 - Pakkoneulootikon el\u00e4m\u00e4\u00e4\" \/>\n<meta property=\"og:description\" content=\"Ihanaa Maaliskuuta teille kaikille. Nyt elell\u00e4\u00e4n j\u00e4nn\u00e4n \u00e4\u00e4rell\u00e4. Avopuoliso teki eilen ehdollisen tarjouksen rivitalokolmiosta ja nyt pidell\u00e4\u00e4n peukkuja, ett\u00e4 saadaanko se vai ei. T\u00e4ll\u00e4 hetkell\u00e4 odotelttavana olis kuukausi, kun koeaika h\u00e4ll\u00e4 on ohi vakipestiss\u00e4 niin sitten saa nostaa lainan. Tarjous on kyll\u00e4 myyj\u00e4n suunnalta hyv\u00e4ksytty, mutta kohde on edelleen myynniss\u00e4, koska tarjous piti tehd\u00e4 pankista &hellip; Jatka artikkeliin -Kirjaimia ja numeroita 1.3.2017\" \/>\n<meta property=\"og:url\" content=\"https:\/\/pakkoneuloosi86.blogaaja.fi\/?page_id=740\" \/>\n<meta property=\"og:site_name\" content=\"Pakkoneulootikon el\u00e4m\u00e4\u00e4\" \/>\n<meta property=\"og:image\" content=\"http:\/\/pakkoneuloosi86.blogaaja.fi\/files\/2017\/03\/IMG_20170223_161114-189x300.jpg\" \/>\n<meta name=\"twitter:card\" content=\"summary_large_image\" \/>\n<meta name=\"twitter:label1\" content=\"Est. reading time\">\n\t<meta name=\"twitter:data1\" content=\"2 minuuttia\">\n<script type=\"application\/ld+json\" class=\"yoast-schema-graph\">{\"@context\":\"https:\/\/schema.org\",\"@graph\":[{\"@type\":\"WebSite\",\"@id\":\"https:\/\/pakkoneuloosi86.blogaaja.fi\/#website\",\"url\":\"https:\/\/pakkoneuloosi86.blogaaja.fi\/\",\"name\":\"Pakkoneulootikon el\\u00e4m\\u00e4\\u00e4\",\"description\":\"Asiasta aidanseip\\u00e4\\u00e4seen ja takasin ;)\",\"potentialAction\":[{\"@type\":\"SearchAction\",\"target\":\"https:\/\/pakkoneuloosi86.blogaaja.fi\/?s={search_term_string}\",\"query-input\":\"required name=search_term_string\"}],\"inLanguage\":\"fi\"},{\"@type\":\"ImageObject\",\"@id\":\"https:\/\/pakkoneuloosi86.blogaaja.fi\/?page_id=740#primaryimage\",\"inLanguage\":\"fi\",\"url\":\"http:\/\/pakkoneuloosi86.blogaaja.fi\/files\/2017\/03\/IMG_20170223_161114-189x300.jpg\"},{\"@type\":\"WebPage\",\"@id\":\"https:\/\/pakkoneuloosi86.blogaaja.fi\/?page_id=740#webpage\",\"url\":\"https:\/\/pakkoneuloosi86.blogaaja.fi\/?page_id=740\",\"name\":\"-Kirjaimia ja numeroita 1.3.2017 - Pakkoneulootikon el\\u00e4m\\u00e4\\u00e4\",\"isPartOf\":{\"@id\":\"https:\/\/pakkoneuloosi86.blogaaja.fi\/#website\"},\"primaryImageOfPage\":{\"@id\":\"https:\/\/pakkoneuloosi86.blogaaja.fi\/?page_id=740#primaryimage\"},\"datePublished\":\"2017-03-01T17:40:53+00:00\",\"dateModified\":\"2017-03-01T17:40:53+00:00\",\"inLanguage\":\"fi\",\"potentialAction\":[{\"@type\":\"ReadAction\",\"target\":[\"https:\/\/pakkoneuloosi86.blogaaja.fi\/?page_id=740\"]}]}]}<\/script>\n<!-- \/ Yoast SEO plugin. -->","_links":{"self":[{"href":"https:\/\/pakkoneuloosi86.blogaaja.fi\/index.php?rest_route=\/wp\/v2\/pages\/740"}],"collection":[{"href":"https:\/\/pakkoneuloosi86.blogaaja.fi\/index.php?rest_route=\/wp\/v2\/pages"}],"about":[{"href":"https:\/\/pakkoneuloosi86.blogaaja.fi\/index.php?rest_route=\/wp\/v2\/types\/page"}],"author":[{"embeddable":true,"href":"https:\/\/pakkoneuloosi86.blogaaja.fi\/index.php?rest_route=\/wp\/v2\/users\/15737"}],"replies":[{"embeddable":true,"href":"https:\/\/pakkoneuloosi86.blogaaja.fi\/index.php?rest_route=%2Fwp%2Fv2%2Fcomments&post=740"}],"version-history":[{"count":0,"href":"https:\/\/pakkoneuloosi86.blogaaja.fi\/index.php?rest_route=\/wp\/v2\/pages\/740\/revisions"}],"up":[{"embeddable":true,"href":"https:\/\/pakkoneuloosi86.blogaaja.fi\/index.php?rest_route=\/wp\/v2\/pages\/186"}],"wp:attachment":[{"href":"https:\/\/pakkoneuloosi86.blogaaja.fi\/index.php?rest_route=%2Fwp%2Fv2%2Fmedia&parent=740"}],"curies":[{"name":"wp","href":"https:\/\/api.w.org\/{rel}","templated":true}]}}