{"id":721,"date":"2017-01-29T10:19:17","date_gmt":"2017-01-29T08:19:17","guid":{"rendered":"http:\/\/pakkoneuloosi86.blogaaja.fi\/?page_id=721"},"modified":"2017-01-29T10:19:17","modified_gmt":"2017-01-29T08:19:17","slug":"saviruukkujen-tuunausta-29-1-2017","status":"publish","type":"page","link":"https:\/\/pakkoneuloosi86.blogaaja.fi\/?page_id=721","title":{"rendered":"-Saviruukkujen tuunausta 29.1.2017"},"content":{"rendered":"<p>Eilen piti keksi\u00e4 sairastuvalla jotain tekemist\u00e4 taas vaihteeks. S\u00e4il\u00f6ss\u00e4 oli multasia saviruukkuja ja pesty\u00e4ni ja kuivattuani ne, l\u00e4ht\u00f6tilanne oli t\u00e4m\u00e4:<\/p>\n<p><img loading=\"lazy\" class=\"alignnone size-medium wp-image-723\" src=\"http:\/\/pakkoneuloosi86.blogaaja.fi\/files\/2017\/01\/IMG_20170129_101738-300x181.jpg\" alt=\"\" width=\"300\" height=\"181\" srcset=\"https:\/\/pakkoneuloosi86.blogaaja.fi\/files\/2017\/01\/IMG_20170129_101738-300x181.jpg 300w, https:\/\/pakkoneuloosi86.blogaaja.fi\/files\/2017\/01\/IMG_20170129_101738-768x463.jpg 768w, https:\/\/pakkoneuloosi86.blogaaja.fi\/files\/2017\/01\/IMG_20170129_101738.jpg 1024w\" sizes=\"(max-width: 300px) 100vw, 300px\" \/><\/p>\n<p>Omat saviruukut on viel\u00e4 vaiheessa, ne spraymaalasin kultasella ja pronssisella spraymaalilla. Muutamia oheistarvikkeita puuttuu.<\/p>\n<p>Ty\u00f6p\u00f6yt\u00e4 suojattiin j\u00e4tes\u00e4kill\u00e4, mik\u00e4 osottautu tosi hyv\u00e4ks keksinn\u00f6ks. Poika sai nen\u00e4ns\u00e4 eteen vanhasta patjasta leikatun &#8221;sienen&#8221;, pensselin ja v\u00e4riksi valitsi vihreen sormiv\u00e4rin. Syv\u00e4lle kertak\u00e4ytt\u00f6lautaselle levitettiin v\u00e4ri\u00e4.<\/p>\n<p><img loading=\"lazy\" class=\"alignnone size-medium wp-image-722\" src=\"http:\/\/pakkoneuloosi86.blogaaja.fi\/files\/2017\/01\/IMG_20170129_100307-261x300.jpg\" alt=\"\" width=\"261\" height=\"300\" srcset=\"https:\/\/pakkoneuloosi86.blogaaja.fi\/files\/2017\/01\/IMG_20170129_100307-261x300.jpg 261w, https:\/\/pakkoneuloosi86.blogaaja.fi\/files\/2017\/01\/IMG_20170129_100307-768x884.jpg 768w, https:\/\/pakkoneuloosi86.blogaaja.fi\/files\/2017\/01\/IMG_20170129_100307.jpg 890w\" sizes=\"(max-width: 261px) 100vw, 261px\" \/><\/p>\n<p>Ruukut t\u00f6p\u00f6teltiin kahteen kertaan vihreell\u00e4 maalilla. Kun maali oli kuivunu, oli seuraava rupeama koristelu. Joulupukki oli mulle tuonu kaikenlaista krumeluuria, poika etti mun nappik\u00e4tk\u00f6st\u00e4 nappeja ja viel\u00e4 liimana Erikeeperi\u00e4.<\/p>\n<p><img loading=\"lazy\" class=\"alignnone size-medium wp-image-724\" src=\"http:\/\/pakkoneuloosi86.blogaaja.fi\/files\/2017\/01\/IMG_20170129_101803-245x300.jpg\" alt=\"\" width=\"245\" height=\"300\" srcset=\"https:\/\/pakkoneuloosi86.blogaaja.fi\/files\/2017\/01\/IMG_20170129_101803-245x300.jpg 245w, https:\/\/pakkoneuloosi86.blogaaja.fi\/files\/2017\/01\/IMG_20170129_101803-768x940.jpg 768w, https:\/\/pakkoneuloosi86.blogaaja.fi\/files\/2017\/01\/IMG_20170129_101803.jpg 837w\" sizes=\"(max-width: 245px) 100vw, 245px\" \/><\/p>\n<p>Lopputuloksena oli kaks maalattua ja koristeltua saviruukkua. Poika sai ne omaan huoneeseensa Ikean tekokasveille, jotka saatiin aikanaan pojan kummilta. Siell\u00e4 ne nyt hyllyn p\u00e4\u00e4ll\u00e4 olla m\u00f6ll\u00f6tt\u00e4\u00e4 \ud83d\ude42<\/p>\n<p><img loading=\"lazy\" class=\"alignnone size-medium wp-image-725\" src=\"http:\/\/pakkoneuloosi86.blogaaja.fi\/files\/2017\/01\/IMG_20170129_101829-300x195.jpg\" alt=\"\" width=\"300\" height=\"195\" srcset=\"https:\/\/pakkoneuloosi86.blogaaja.fi\/files\/2017\/01\/IMG_20170129_101829-300x195.jpg 300w, https:\/\/pakkoneuloosi86.blogaaja.fi\/files\/2017\/01\/IMG_20170129_101829-768x500.jpg 768w, https:\/\/pakkoneuloosi86.blogaaja.fi\/files\/2017\/01\/IMG_20170129_101829.jpg 1024w\" sizes=\"(max-width: 300px) 100vw, 300px\" \/><\/p>\n<p>Mukavaa sunnuntaita!<\/p>\n<p>&lt;3 Heidi<\/p>\n","protected":false},"excerpt":{"rendered":"<p>Eilen piti keksi\u00e4 sairastuvalla jotain tekemist\u00e4 taas vaihteeks. S\u00e4il\u00f6ss\u00e4 oli multasia saviruukkuja ja pesty\u00e4ni ja kuivattuani ne, l\u00e4ht\u00f6tilanne oli t\u00e4m\u00e4: Omat saviruukut on viel\u00e4 vaiheessa, ne spraymaalasin kultasella ja pronssisella spraymaalilla. Muutamia oheistarvikkeita puuttuu. Ty\u00f6p\u00f6yt\u00e4 suojattiin j\u00e4tes\u00e4kill\u00e4, mik\u00e4 osottautu tosi hyv\u00e4ks keksinn\u00f6ks. Poika sai nen\u00e4ns\u00e4 eteen vanhasta patjasta leikatun &#8221;sienen&#8221;, pensselin ja v\u00e4riksi valitsi vihreen &hellip; <a href=\"https:\/\/pakkoneuloosi86.blogaaja.fi\/?page_id=721\" class=\"more-link\">Jatka artikkeliin <span class=\"screen-reader-text\">-Saviruukkujen tuunausta 29.1.2017<\/span><\/a><\/p>\n","protected":false},"author":15737,"featured_media":0,"parent":186,"menu_order":2,"comment_status":"open","ping_status":"closed","template":"","meta":[],"yoast_head":"<!-- This site is optimized with the Yoast SEO plugin v15.6.2 - https:\/\/yoast.com\/wordpress\/plugins\/seo\/ -->\n<title>-Saviruukkujen tuunausta 29.1.2017 - Pakkoneulootikon el\u00e4m\u00e4\u00e4<\/title>\n<meta name=\"robots\" content=\"index, follow, max-snippet:-1, max-image-preview:large, max-video-preview:-1\" \/>\n<link rel=\"canonical\" href=\"https:\/\/pakkoneuloosi86.blogaaja.fi\/?page_id=721\" \/>\n<meta property=\"og:locale\" content=\"fi_FI\" \/>\n<meta property=\"og:type\" content=\"article\" \/>\n<meta property=\"og:title\" content=\"-Saviruukkujen tuunausta 29.1.2017 - Pakkoneulootikon el\u00e4m\u00e4\u00e4\" \/>\n<meta property=\"og:description\" content=\"Eilen piti keksi\u00e4 sairastuvalla jotain tekemist\u00e4 taas vaihteeks. S\u00e4il\u00f6ss\u00e4 oli multasia saviruukkuja ja pesty\u00e4ni ja kuivattuani ne, l\u00e4ht\u00f6tilanne oli t\u00e4m\u00e4: Omat saviruukut on viel\u00e4 vaiheessa, ne spraymaalasin kultasella ja pronssisella spraymaalilla. Muutamia oheistarvikkeita puuttuu. Ty\u00f6p\u00f6yt\u00e4 suojattiin j\u00e4tes\u00e4kill\u00e4, mik\u00e4 osottautu tosi hyv\u00e4ks keksinn\u00f6ks. Poika sai nen\u00e4ns\u00e4 eteen vanhasta patjasta leikatun &#8221;sienen&#8221;, pensselin ja v\u00e4riksi valitsi vihreen &hellip; Jatka artikkeliin -Saviruukkujen tuunausta 29.1.2017\" \/>\n<meta property=\"og:url\" content=\"https:\/\/pakkoneuloosi86.blogaaja.fi\/?page_id=721\" \/>\n<meta property=\"og:site_name\" content=\"Pakkoneulootikon el\u00e4m\u00e4\u00e4\" \/>\n<meta property=\"og:image\" content=\"http:\/\/pakkoneuloosi86.blogaaja.fi\/files\/2017\/01\/IMG_20170129_101738-300x181.jpg\" \/>\n<meta name=\"twitter:card\" content=\"summary_large_image\" \/>\n<meta name=\"twitter:label1\" content=\"Est. reading time\">\n\t<meta name=\"twitter:data1\" content=\"1 minuutti\">\n<script type=\"application\/ld+json\" class=\"yoast-schema-graph\">{\"@context\":\"https:\/\/schema.org\",\"@graph\":[{\"@type\":\"WebSite\",\"@id\":\"https:\/\/pakkoneuloosi86.blogaaja.fi\/#website\",\"url\":\"https:\/\/pakkoneuloosi86.blogaaja.fi\/\",\"name\":\"Pakkoneulootikon el\\u00e4m\\u00e4\\u00e4\",\"description\":\"Asiasta aidanseip\\u00e4\\u00e4seen ja takasin ;)\",\"potentialAction\":[{\"@type\":\"SearchAction\",\"target\":\"https:\/\/pakkoneuloosi86.blogaaja.fi\/?s={search_term_string}\",\"query-input\":\"required name=search_term_string\"}],\"inLanguage\":\"fi\"},{\"@type\":\"ImageObject\",\"@id\":\"https:\/\/pakkoneuloosi86.blogaaja.fi\/?page_id=721#primaryimage\",\"inLanguage\":\"fi\",\"url\":\"http:\/\/pakkoneuloosi86.blogaaja.fi\/files\/2017\/01\/IMG_20170129_101738-300x181.jpg\"},{\"@type\":\"WebPage\",\"@id\":\"https:\/\/pakkoneuloosi86.blogaaja.fi\/?page_id=721#webpage\",\"url\":\"https:\/\/pakkoneuloosi86.blogaaja.fi\/?page_id=721\",\"name\":\"-Saviruukkujen tuunausta 29.1.2017 - Pakkoneulootikon el\\u00e4m\\u00e4\\u00e4\",\"isPartOf\":{\"@id\":\"https:\/\/pakkoneuloosi86.blogaaja.fi\/#website\"},\"primaryImageOfPage\":{\"@id\":\"https:\/\/pakkoneuloosi86.blogaaja.fi\/?page_id=721#primaryimage\"},\"datePublished\":\"2017-01-29T08:19:17+00:00\",\"dateModified\":\"2017-01-29T08:19:17+00:00\",\"inLanguage\":\"fi\",\"potentialAction\":[{\"@type\":\"ReadAction\",\"target\":[\"https:\/\/pakkoneuloosi86.blogaaja.fi\/?page_id=721\"]}]}]}<\/script>\n<!-- \/ Yoast SEO plugin. -->","_links":{"self":[{"href":"https:\/\/pakkoneuloosi86.blogaaja.fi\/index.php?rest_route=\/wp\/v2\/pages\/721"}],"collection":[{"href":"https:\/\/pakkoneuloosi86.blogaaja.fi\/index.php?rest_route=\/wp\/v2\/pages"}],"about":[{"href":"https:\/\/pakkoneuloosi86.blogaaja.fi\/index.php?rest_route=\/wp\/v2\/types\/page"}],"author":[{"embeddable":true,"href":"https:\/\/pakkoneuloosi86.blogaaja.fi\/index.php?rest_route=\/wp\/v2\/users\/15737"}],"replies":[{"embeddable":true,"href":"https:\/\/pakkoneuloosi86.blogaaja.fi\/index.php?rest_route=%2Fwp%2Fv2%2Fcomments&post=721"}],"version-history":[{"count":0,"href":"https:\/\/pakkoneuloosi86.blogaaja.fi\/index.php?rest_route=\/wp\/v2\/pages\/721\/revisions"}],"up":[{"embeddable":true,"href":"https:\/\/pakkoneuloosi86.blogaaja.fi\/index.php?rest_route=\/wp\/v2\/pages\/186"}],"wp:attachment":[{"href":"https:\/\/pakkoneuloosi86.blogaaja.fi\/index.php?rest_route=%2Fwp%2Fv2%2Fmedia&parent=721"}],"curies":[{"name":"wp","href":"https:\/\/api.w.org\/{rel}","templated":true}]}}