{"id":696,"date":"2017-01-02T18:56:42","date_gmt":"2017-01-02T16:56:42","guid":{"rendered":"http:\/\/pakkoneuloosi86.blogaaja.fi\/?page_id=696"},"modified":"2017-01-02T18:56:42","modified_gmt":"2017-01-02T16:56:42","slug":"lahimmaisenrakkaus-2-1-2017","status":"publish","type":"page","link":"https:\/\/pakkoneuloosi86.blogaaja.fi\/?page_id=696","title":{"rendered":"-L\u00e4himm\u00e4isenrakkaus 2.1.2017"},"content":{"rendered":"<p>Seisoin tuossa eilen bussipys\u00e4kill\u00e4 oottamassa bussia iltavuoroon menness\u00e4ni. Pys\u00e4kill\u00e4 seiso kaks nuorta tytt\u00f6\u00e4. Aikalailla tahtomattani kuulin mit\u00e4 he juttelivat. Osan annoin menn\u00e4 korvasta sis\u00e4\u00e4n ja toisesta ulos. Kunnes ohi ajoi piikill\u00e4 keulien nuori poika. Toinen tytt\u00f6, joka my\u00f6hemmin osottautu bussiin maksaessaan 17-vuotiaaks, k\u00e4ski kaverinsa kattoa kyseist\u00e4 pelleilij\u00e4\u00e4 ja kirkkaalla \u00e4\u00e4nell\u00e4 hoki:&#8221;Kaadu, kaadu, kaadu.. Damn, ei kaatunu..&#8221; Kaveri siin\u00e4 vieress\u00e4 hihitteli ja t\u00e4\u00e4 17-vuotias jatko:&#8221; Jos se nyt olis kaatunu niin en olis menny auttamaan. Mi\u00e4 oon ahdistunut suomalainen, enk\u00e4 pys\u00e4htyis. K\u00e4\u00e4ntyisin vaan ymp\u00e4ri ja olisin, kun en olis mit\u00e4\u00e4n n\u00e4hnykk\u00e4\u00e4n!&#8221; Kaveri vaan my\u00f6nteli ja kikatteli vieress\u00e4. Mun teki mieli k\u00e4\u00e4nty\u00e4 ja avata suuni, ett\u00e4 tajuaakohan h\u00e4n nyt yht\u00e4\u00e4n mit\u00e4 suustaan p\u00e4\u00e4st\u00e4\u00e4, ett\u00e4 joku p\u00e4iv\u00e4 h\u00e4n voi olla se, joka tarvii apua ja ihmiset vaan k\u00e4velee ohi. Ett\u00e4 sek\u00f6 olis hieno juttu.<\/p>\n<p>Pidin suuni kiinni.<\/p>\n<p>Paljon on ollu lehdess\u00e4 juttuja miten ohikulkijat ei oo auttaneet apua tarviivaa. Onneks on my\u00f6s niit\u00e4, jotka sit\u00e4 apua antaa ja huolehtii toisesta. Itselle kyll\u00e4 nousi pelko, ett\u00e4 jos poika jonain p\u00e4iv\u00e4n\u00e4 tuolla ulkona liikkuessaan saa epilepsiakohtauksen, niin auttaako sit\u00e4 kukaan? Vai onko se raukka t\u00e4ysin oman onnensa nojassa ihmisten v\u00e4linpit\u00e4m\u00e4tt\u00f6myyden takia. Miten ahdistavaa. Te, jotka tunnistatte v\u00e4linpit\u00e4m\u00e4tt\u00f6m\u00e4n asenteen ittess\u00e4nne, olkaa yst\u00e4v\u00e4llisi\u00e4 ja ottakaa p\u00e4\u00e4 pois pyllyst\u00e4 ja muuttakaa asennetta. Kiitos! Koska oikeesti jonain p\u00e4iv\u00e4n\u00e4 te \u00a0itte tai joku teille t\u00e4rke\u00e4 voi tarvita sit\u00e4 apua, joka saattaa pelastaa hengen ja mit\u00e4 jos ihmiset vaan k\u00e4veleekin ohi v\u00e4litt\u00e4m\u00e4tt\u00e4.. Jokainen on jollekkin t\u00e4rke\u00e4 &lt;3<\/p>\n<p>Hyv\u00e4\u00e4 alkanutta vuotta 2017!<\/p>\n<p>&lt;3 Heidi<\/p>\n","protected":false},"excerpt":{"rendered":"<p>Seisoin tuossa eilen bussipys\u00e4kill\u00e4 oottamassa bussia iltavuoroon menness\u00e4ni. Pys\u00e4kill\u00e4 seiso kaks nuorta tytt\u00f6\u00e4. Aikalailla tahtomattani kuulin mit\u00e4 he juttelivat. Osan annoin menn\u00e4 korvasta sis\u00e4\u00e4n ja toisesta ulos. Kunnes ohi ajoi piikill\u00e4 keulien nuori poika. Toinen tytt\u00f6, joka my\u00f6hemmin osottautu bussiin maksaessaan 17-vuotiaaks, k\u00e4ski kaverinsa kattoa kyseist\u00e4 pelleilij\u00e4\u00e4 ja kirkkaalla \u00e4\u00e4nell\u00e4 hoki:&#8221;Kaadu, kaadu, kaadu.. Damn, ei &hellip; <a href=\"https:\/\/pakkoneuloosi86.blogaaja.fi\/?page_id=696\" class=\"more-link\">Jatka artikkeliin <span class=\"screen-reader-text\">-L\u00e4himm\u00e4isenrakkaus 2.1.2017<\/span><\/a><\/p>\n","protected":false},"author":15737,"featured_media":0,"parent":195,"menu_order":8,"comment_status":"open","ping_status":"closed","template":"","meta":[],"yoast_head":"<!-- This site is optimized with the Yoast SEO plugin v15.6.2 - https:\/\/yoast.com\/wordpress\/plugins\/seo\/ -->\n<title>-L\u00e4himm\u00e4isenrakkaus 2.1.2017 - Pakkoneulootikon el\u00e4m\u00e4\u00e4<\/title>\n<meta name=\"robots\" content=\"index, follow, max-snippet:-1, max-image-preview:large, max-video-preview:-1\" \/>\n<link rel=\"canonical\" href=\"https:\/\/pakkoneuloosi86.blogaaja.fi\/?page_id=696\" \/>\n<meta property=\"og:locale\" content=\"fi_FI\" \/>\n<meta property=\"og:type\" content=\"article\" \/>\n<meta property=\"og:title\" content=\"-L\u00e4himm\u00e4isenrakkaus 2.1.2017 - Pakkoneulootikon el\u00e4m\u00e4\u00e4\" \/>\n<meta property=\"og:description\" content=\"Seisoin tuossa eilen bussipys\u00e4kill\u00e4 oottamassa bussia iltavuoroon menness\u00e4ni. Pys\u00e4kill\u00e4 seiso kaks nuorta tytt\u00f6\u00e4. Aikalailla tahtomattani kuulin mit\u00e4 he juttelivat. Osan annoin menn\u00e4 korvasta sis\u00e4\u00e4n ja toisesta ulos. Kunnes ohi ajoi piikill\u00e4 keulien nuori poika. Toinen tytt\u00f6, joka my\u00f6hemmin osottautu bussiin maksaessaan 17-vuotiaaks, k\u00e4ski kaverinsa kattoa kyseist\u00e4 pelleilij\u00e4\u00e4 ja kirkkaalla \u00e4\u00e4nell\u00e4 hoki:&#8221;Kaadu, kaadu, kaadu.. Damn, ei &hellip; Jatka artikkeliin -L\u00e4himm\u00e4isenrakkaus 2.1.2017\" \/>\n<meta property=\"og:url\" content=\"https:\/\/pakkoneuloosi86.blogaaja.fi\/?page_id=696\" \/>\n<meta property=\"og:site_name\" content=\"Pakkoneulootikon el\u00e4m\u00e4\u00e4\" \/>\n<meta name=\"twitter:card\" content=\"summary_large_image\" \/>\n<meta name=\"twitter:label1\" content=\"Est. reading time\">\n\t<meta name=\"twitter:data1\" content=\"1 minuutti\">\n<script type=\"application\/ld+json\" class=\"yoast-schema-graph\">{\"@context\":\"https:\/\/schema.org\",\"@graph\":[{\"@type\":\"WebSite\",\"@id\":\"https:\/\/pakkoneuloosi86.blogaaja.fi\/#website\",\"url\":\"https:\/\/pakkoneuloosi86.blogaaja.fi\/\",\"name\":\"Pakkoneulootikon el\\u00e4m\\u00e4\\u00e4\",\"description\":\"Asiasta aidanseip\\u00e4\\u00e4seen ja takasin ;)\",\"potentialAction\":[{\"@type\":\"SearchAction\",\"target\":\"https:\/\/pakkoneuloosi86.blogaaja.fi\/?s={search_term_string}\",\"query-input\":\"required name=search_term_string\"}],\"inLanguage\":\"fi\"},{\"@type\":\"WebPage\",\"@id\":\"https:\/\/pakkoneuloosi86.blogaaja.fi\/?page_id=696#webpage\",\"url\":\"https:\/\/pakkoneuloosi86.blogaaja.fi\/?page_id=696\",\"name\":\"-L\\u00e4himm\\u00e4isenrakkaus 2.1.2017 - Pakkoneulootikon el\\u00e4m\\u00e4\\u00e4\",\"isPartOf\":{\"@id\":\"https:\/\/pakkoneuloosi86.blogaaja.fi\/#website\"},\"datePublished\":\"2017-01-02T16:56:42+00:00\",\"dateModified\":\"2017-01-02T16:56:42+00:00\",\"inLanguage\":\"fi\",\"potentialAction\":[{\"@type\":\"ReadAction\",\"target\":[\"https:\/\/pakkoneuloosi86.blogaaja.fi\/?page_id=696\"]}]}]}<\/script>\n<!-- \/ Yoast SEO plugin. -->","_links":{"self":[{"href":"https:\/\/pakkoneuloosi86.blogaaja.fi\/index.php?rest_route=\/wp\/v2\/pages\/696"}],"collection":[{"href":"https:\/\/pakkoneuloosi86.blogaaja.fi\/index.php?rest_route=\/wp\/v2\/pages"}],"about":[{"href":"https:\/\/pakkoneuloosi86.blogaaja.fi\/index.php?rest_route=\/wp\/v2\/types\/page"}],"author":[{"embeddable":true,"href":"https:\/\/pakkoneuloosi86.blogaaja.fi\/index.php?rest_route=\/wp\/v2\/users\/15737"}],"replies":[{"embeddable":true,"href":"https:\/\/pakkoneuloosi86.blogaaja.fi\/index.php?rest_route=%2Fwp%2Fv2%2Fcomments&post=696"}],"version-history":[{"count":0,"href":"https:\/\/pakkoneuloosi86.blogaaja.fi\/index.php?rest_route=\/wp\/v2\/pages\/696\/revisions"}],"up":[{"embeddable":true,"href":"https:\/\/pakkoneuloosi86.blogaaja.fi\/index.php?rest_route=\/wp\/v2\/pages\/195"}],"wp:attachment":[{"href":"https:\/\/pakkoneuloosi86.blogaaja.fi\/index.php?rest_route=%2Fwp%2Fv2%2Fmedia&parent=696"}],"curies":[{"name":"wp","href":"https:\/\/api.w.org\/{rel}","templated":true}]}}