{"id":690,"date":"2016-12-25T15:11:54","date_gmt":"2016-12-25T13:11:54","guid":{"rendered":"http:\/\/pakkoneuloosi86.blogaaja.fi\/?page_id=690"},"modified":"2016-12-25T15:11:54","modified_gmt":"2016-12-25T13:11:54","slug":"24-luukku-25-12-2016","status":"publish","type":"page","link":"https:\/\/pakkoneuloosi86.blogaaja.fi\/?page_id=690","title":{"rendered":"*24.Luukku 25.12.2016"},"content":{"rendered":"<p><img loading=\"lazy\" class=\"alignnone size-medium wp-image-691\" src=\"http:\/\/pakkoneuloosi86.blogaaja.fi\/files\/2016\/12\/20161225_151829-272x300.jpg\" alt=\"_20161225_151829\" width=\"272\" height=\"300\" srcset=\"https:\/\/pakkoneuloosi86.blogaaja.fi\/files\/2016\/12\/20161225_151829-272x300.jpg 272w, https:\/\/pakkoneuloosi86.blogaaja.fi\/files\/2016\/12\/20161225_151829.jpg 399w\" sizes=\"(max-width: 272px) 100vw, 272px\" \/><\/p>\n<p>Ja viimesest\u00e4 pussukasta eilen paljastu latvat\u00e4hti kuuseen \ud83d\ude42 Jonka latvaan asettamisessa avopuoliso autto nostamalla poikaa niin, ett\u00e4 saa t\u00e4hden paikalleen &lt;3<\/p>\n<p><img loading=\"lazy\" class=\"alignnone size-medium wp-image-692\" src=\"http:\/\/pakkoneuloosi86.blogaaja.fi\/files\/2016\/12\/20161225_151449-204x300.jpg\" alt=\"_20161225_151449\" width=\"204\" height=\"300\" srcset=\"https:\/\/pakkoneuloosi86.blogaaja.fi\/files\/2016\/12\/20161225_151449-204x300.jpg 204w, https:\/\/pakkoneuloosi86.blogaaja.fi\/files\/2016\/12\/20161225_151449.jpg 425w\" sizes=\"(max-width: 204px) 100vw, 204px\" \/><\/p>\n<p>Kokonaisuudessaan kuusi pojan koristelemana n\u00e4ytt\u00e4\u00e4 t\u00e4lt\u00e4<\/p>\n<p><img loading=\"lazy\" class=\"alignnone size-medium wp-image-693\" src=\"http:\/\/pakkoneuloosi86.blogaaja.fi\/files\/2016\/12\/20161225_151517-142x300.jpg\" alt=\"_20161225_151517\" width=\"142\" height=\"300\" srcset=\"https:\/\/pakkoneuloosi86.blogaaja.fi\/files\/2016\/12\/20161225_151517-142x300.jpg 142w, https:\/\/pakkoneuloosi86.blogaaja.fi\/files\/2016\/12\/20161225_151517.jpg 481w\" sizes=\"(max-width: 142px) 100vw, 142px\" \/><\/p>\n<p>Rauhallista joulun aikaa &lt;3<\/p>\n<p>&lt;3 Heidi<\/p>\n","protected":false},"excerpt":{"rendered":"<p>Ja viimesest\u00e4 pussukasta eilen paljastu latvat\u00e4hti kuuseen \ud83d\ude42 Jonka latvaan asettamisessa avopuoliso autto nostamalla poikaa niin, ett\u00e4 saa t\u00e4hden paikalleen &lt;3 Kokonaisuudessaan kuusi pojan koristelemana n\u00e4ytt\u00e4\u00e4 t\u00e4lt\u00e4 Rauhallista joulun aikaa &lt;3 &lt;3 Heidi<\/p>\n","protected":false},"author":15737,"featured_media":0,"parent":511,"menu_order":24,"comment_status":"open","ping_status":"closed","template":"","meta":[],"yoast_head":"<!-- This site is optimized with the Yoast SEO plugin v15.6.2 - https:\/\/yoast.com\/wordpress\/plugins\/seo\/ -->\n<title>*24.Luukku 25.12.2016 - Pakkoneulootikon el\u00e4m\u00e4\u00e4<\/title>\n<meta name=\"robots\" content=\"index, follow, max-snippet:-1, max-image-preview:large, max-video-preview:-1\" \/>\n<link rel=\"canonical\" href=\"https:\/\/pakkoneuloosi86.blogaaja.fi\/?page_id=690\" \/>\n<meta property=\"og:locale\" content=\"fi_FI\" \/>\n<meta property=\"og:type\" content=\"article\" \/>\n<meta property=\"og:title\" content=\"*24.Luukku 25.12.2016 - Pakkoneulootikon el\u00e4m\u00e4\u00e4\" \/>\n<meta property=\"og:description\" content=\"Ja viimesest\u00e4 pussukasta eilen paljastu latvat\u00e4hti kuuseen \ud83d\ude42 Jonka latvaan asettamisessa avopuoliso autto nostamalla poikaa niin, ett\u00e4 saa t\u00e4hden paikalleen &lt;3 Kokonaisuudessaan kuusi pojan koristelemana n\u00e4ytt\u00e4\u00e4 t\u00e4lt\u00e4 Rauhallista joulun aikaa &lt;3 &lt;3 Heidi\" \/>\n<meta property=\"og:url\" content=\"https:\/\/pakkoneuloosi86.blogaaja.fi\/?page_id=690\" \/>\n<meta property=\"og:site_name\" content=\"Pakkoneulootikon el\u00e4m\u00e4\u00e4\" \/>\n<meta property=\"og:image\" content=\"http:\/\/pakkoneuloosi86.blogaaja.fi\/files\/2016\/12\/20161225_151829-272x300.jpg\" \/>\n<meta name=\"twitter:card\" content=\"summary_large_image\" \/>\n<script type=\"application\/ld+json\" class=\"yoast-schema-graph\">{\"@context\":\"https:\/\/schema.org\",\"@graph\":[{\"@type\":\"WebSite\",\"@id\":\"https:\/\/pakkoneuloosi86.blogaaja.fi\/#website\",\"url\":\"https:\/\/pakkoneuloosi86.blogaaja.fi\/\",\"name\":\"Pakkoneulootikon el\\u00e4m\\u00e4\\u00e4\",\"description\":\"Asiasta aidanseip\\u00e4\\u00e4seen ja takasin ;)\",\"potentialAction\":[{\"@type\":\"SearchAction\",\"target\":\"https:\/\/pakkoneuloosi86.blogaaja.fi\/?s={search_term_string}\",\"query-input\":\"required name=search_term_string\"}],\"inLanguage\":\"fi\"},{\"@type\":\"ImageObject\",\"@id\":\"https:\/\/pakkoneuloosi86.blogaaja.fi\/?page_id=690#primaryimage\",\"inLanguage\":\"fi\",\"url\":\"http:\/\/pakkoneuloosi86.blogaaja.fi\/files\/2016\/12\/20161225_151829-272x300.jpg\"},{\"@type\":\"WebPage\",\"@id\":\"https:\/\/pakkoneuloosi86.blogaaja.fi\/?page_id=690#webpage\",\"url\":\"https:\/\/pakkoneuloosi86.blogaaja.fi\/?page_id=690\",\"name\":\"*24.Luukku 25.12.2016 - Pakkoneulootikon el\\u00e4m\\u00e4\\u00e4\",\"isPartOf\":{\"@id\":\"https:\/\/pakkoneuloosi86.blogaaja.fi\/#website\"},\"primaryImageOfPage\":{\"@id\":\"https:\/\/pakkoneuloosi86.blogaaja.fi\/?page_id=690#primaryimage\"},\"datePublished\":\"2016-12-25T13:11:54+00:00\",\"dateModified\":\"2016-12-25T13:11:54+00:00\",\"inLanguage\":\"fi\",\"potentialAction\":[{\"@type\":\"ReadAction\",\"target\":[\"https:\/\/pakkoneuloosi86.blogaaja.fi\/?page_id=690\"]}]}]}<\/script>\n<!-- \/ Yoast SEO plugin. -->","_links":{"self":[{"href":"https:\/\/pakkoneuloosi86.blogaaja.fi\/index.php?rest_route=\/wp\/v2\/pages\/690"}],"collection":[{"href":"https:\/\/pakkoneuloosi86.blogaaja.fi\/index.php?rest_route=\/wp\/v2\/pages"}],"about":[{"href":"https:\/\/pakkoneuloosi86.blogaaja.fi\/index.php?rest_route=\/wp\/v2\/types\/page"}],"author":[{"embeddable":true,"href":"https:\/\/pakkoneuloosi86.blogaaja.fi\/index.php?rest_route=\/wp\/v2\/users\/15737"}],"replies":[{"embeddable":true,"href":"https:\/\/pakkoneuloosi86.blogaaja.fi\/index.php?rest_route=%2Fwp%2Fv2%2Fcomments&post=690"}],"version-history":[{"count":0,"href":"https:\/\/pakkoneuloosi86.blogaaja.fi\/index.php?rest_route=\/wp\/v2\/pages\/690\/revisions"}],"up":[{"embeddable":true,"href":"https:\/\/pakkoneuloosi86.blogaaja.fi\/index.php?rest_route=\/wp\/v2\/pages\/511"}],"wp:attachment":[{"href":"https:\/\/pakkoneuloosi86.blogaaja.fi\/index.php?rest_route=%2Fwp%2Fv2%2Fmedia&parent=690"}],"curies":[{"name":"wp","href":"https:\/\/api.w.org\/{rel}","templated":true}]}}