{"id":681,"date":"2016-12-23T18:58:19","date_gmt":"2016-12-23T16:58:19","guid":{"rendered":"http:\/\/pakkoneuloosi86.blogaaja.fi\/?page_id=681"},"modified":"2016-12-23T18:58:19","modified_gmt":"2016-12-23T16:58:19","slug":"23-luukku-23-12-2016","status":"publish","type":"page","link":"https:\/\/pakkoneuloosi86.blogaaja.fi\/?page_id=681","title":{"rendered":"*23.Luukku 23.12.2016"},"content":{"rendered":"<p><img loading=\"lazy\" class=\"alignnone size-medium wp-image-682\" src=\"http:\/\/pakkoneuloosi86.blogaaja.fi\/files\/2016\/12\/20161223_184858-247x300.jpg\" alt=\"_20161223_184858\" width=\"247\" height=\"300\" srcset=\"https:\/\/pakkoneuloosi86.blogaaja.fi\/files\/2016\/12\/20161223_184858-247x300.jpg 247w, https:\/\/pakkoneuloosi86.blogaaja.fi\/files\/2016\/12\/20161223_184858.jpg 450w\" sizes=\"(max-width: 247px) 100vw, 247px\" \/><\/p>\n<p>Nyt t\u00e4ll\u00e4 hetkell\u00e4 t\u00e4ss\u00e4 sohvalla istun ja kovasti ootan Juha Tapion keikka alkavaksi TV2 klo 20:05. Viikko sitten valittelin kurkkukipua ja v\u00e4symyst\u00e4. Pari p\u00e4iv\u00e4\u00e4 sitte luulin olevani voitolla, kun mihink\u00e4\u00e4n ei sattunu. Aamulla vein pojan p\u00e4iv\u00e4kotiin ja ihmettelin bussissa, et onpa outo olo nielussa. Nyt oon istunu sit illan n\u00e4in.<\/p>\n<p><img loading=\"lazy\" class=\"alignnone size-medium wp-image-683\" src=\"http:\/\/pakkoneuloosi86.blogaaja.fi\/files\/2016\/12\/20161223_185120-300x241.jpg\" alt=\"_20161223_185120\" width=\"300\" height=\"241\" srcset=\"https:\/\/pakkoneuloosi86.blogaaja.fi\/files\/2016\/12\/20161223_185120-300x241.jpg 300w, https:\/\/pakkoneuloosi86.blogaaja.fi\/files\/2016\/12\/20161223_185120.jpg 607w\" sizes=\"(max-width: 300px) 100vw, 300px\" \/><\/p>\n<p>Nen\u00e4 vuotaa ja aivastuttaa. Ja tietysti mulla on viiden p\u00e4iv\u00e4n jouluvapaat edess\u00e4. Eik\u00e4 edes nen\u00e4liinoja vaan vessapaperiin pit\u00e4\u00e4 turvautuu \ud83d\ude00 Hitto!! Enk\u00e4 taatusti l\u00e4he en\u00e4\u00e4 kauppaan nen\u00e4liinojen takia. Sama kun tekis itsemurhan, ku sinne jouluruuhkaan l\u00e4htis.<\/p>\n<p>Kinkku meill\u00e4 on uunissa nyt, avopuoliso k\u00e4vi ostamassa puoleen hintaan Neittamolta reilu 3kg kinkun, kun oli kinkunpakkaustalkoissa kolmena p\u00e4iv\u00e4n\u00e4 alkuviikosta. Yhen taatelikakun py\u00f6r\u00e4ytin ja viel\u00e4 yhen teen huomenna aamusta samalla, kun keittelen riisipuuron. Poika l\u00e4hti yhdeks y\u00f6ks is\u00e4lleen ja tulee huomenna aamup\u00e4iv\u00e4ll\u00e4 puurolle takasin.<\/p>\n<p>Koska poika pit\u00e4\u00e4 tosi paljon kynttil\u00f6ist\u00e4, t\u00e4n p\u00e4iv\u00e4n pussukasta l\u00f6yty Led-tuikkuja.<\/p>\n<p><img loading=\"lazy\" class=\"alignnone size-medium wp-image-684\" src=\"http:\/\/pakkoneuloosi86.blogaaja.fi\/files\/2016\/12\/20161223_185025-187x300.jpg\" alt=\"_20161223_185025\" width=\"187\" height=\"300\" srcset=\"https:\/\/pakkoneuloosi86.blogaaja.fi\/files\/2016\/12\/20161223_185025-187x300.jpg 187w, https:\/\/pakkoneuloosi86.blogaaja.fi\/files\/2016\/12\/20161223_185025.jpg 296w\" sizes=\"(max-width: 187px) 100vw, 187px\" \/>\u00a0<img loading=\"lazy\" class=\"alignnone size-medium wp-image-685\" src=\"http:\/\/pakkoneuloosi86.blogaaja.fi\/files\/2016\/12\/20161223_185009-232x300.jpg\" alt=\"_20161223_185009\" width=\"232\" height=\"300\" srcset=\"https:\/\/pakkoneuloosi86.blogaaja.fi\/files\/2016\/12\/20161223_185009-232x300.jpg 232w, https:\/\/pakkoneuloosi86.blogaaja.fi\/files\/2016\/12\/20161223_185009.jpg 387w\" sizes=\"(max-width: 232px) 100vw, 232px\" \/><\/p>\n<p>Poika sai ne huoneensa ikkunalaudalle tuikkukippoihin \ud83d\ude42 Ja kovastihan h\u00e4n tykk\u00e4si niist\u00e4 \ud83d\ude42<\/p>\n<p><img loading=\"lazy\" class=\"alignnone size-medium wp-image-686\" src=\"http:\/\/pakkoneuloosi86.blogaaja.fi\/files\/2016\/12\/20161223_184947-300x172.jpg\" alt=\"_20161223_184947\" width=\"300\" height=\"172\" srcset=\"https:\/\/pakkoneuloosi86.blogaaja.fi\/files\/2016\/12\/20161223_184947-300x172.jpg 300w, https:\/\/pakkoneuloosi86.blogaaja.fi\/files\/2016\/12\/20161223_184947-768x439.jpg 768w, https:\/\/pakkoneuloosi86.blogaaja.fi\/files\/2016\/12\/20161223_184947.jpg 902w\" sizes=\"(max-width: 300px) 100vw, 300px\" \/><\/p>\n<p>T\u00e4n\u00e4\u00e4n alko pojallakin kahen viikon loma p\u00e4iv\u00e4kodista. Kuulemma 7:st\u00e4 eri p\u00e4iv\u00e4kodista tulee lapsia tohon mein p\u00e4iv\u00e4kotiin joulunajan p\u00e4ivystyshoitoon. Siell\u00e4 ne t\u00e4n\u00e4\u00e4n juoksi nimitarrat hihassa p\u00e4iv\u00e4kodissa niin aikuiset, kun lapset. Huhhei. Vietiin pojan ryhm\u00e4n aikuisille kortti ja rasia karkkia kiitokseksi syksyst\u00e4.<\/p>\n<p>Nyt oottelemaan kinkun kypsymist\u00e4 ja Juha Tapiota. En\u00e4\u00e4 1 y\u00f6 &lt;3<\/p>\n<p>&lt;3 Heidi<\/p>\n","protected":false},"excerpt":{"rendered":"<p>Nyt t\u00e4ll\u00e4 hetkell\u00e4 t\u00e4ss\u00e4 sohvalla istun ja kovasti ootan Juha Tapion keikka alkavaksi TV2 klo 20:05. Viikko sitten valittelin kurkkukipua ja v\u00e4symyst\u00e4. Pari p\u00e4iv\u00e4\u00e4 sitte luulin olevani voitolla, kun mihink\u00e4\u00e4n ei sattunu. Aamulla vein pojan p\u00e4iv\u00e4kotiin ja ihmettelin bussissa, et onpa outo olo nielussa. Nyt oon istunu sit illan n\u00e4in. Nen\u00e4 vuotaa ja aivastuttaa. Ja &hellip; <a href=\"https:\/\/pakkoneuloosi86.blogaaja.fi\/?page_id=681\" class=\"more-link\">Jatka artikkeliin <span class=\"screen-reader-text\">*23.Luukku 23.12.2016<\/span><\/a><\/p>\n","protected":false},"author":15737,"featured_media":0,"parent":511,"menu_order":23,"comment_status":"open","ping_status":"closed","template":"","meta":[],"yoast_head":"<!-- This site is optimized with the Yoast SEO plugin v15.6.2 - https:\/\/yoast.com\/wordpress\/plugins\/seo\/ -->\n<title>*23.Luukku 23.12.2016 - Pakkoneulootikon el\u00e4m\u00e4\u00e4<\/title>\n<meta name=\"robots\" content=\"index, follow, max-snippet:-1, max-image-preview:large, max-video-preview:-1\" \/>\n<link rel=\"canonical\" href=\"https:\/\/pakkoneuloosi86.blogaaja.fi\/?page_id=681\" \/>\n<meta property=\"og:locale\" content=\"fi_FI\" \/>\n<meta property=\"og:type\" content=\"article\" \/>\n<meta property=\"og:title\" content=\"*23.Luukku 23.12.2016 - Pakkoneulootikon el\u00e4m\u00e4\u00e4\" \/>\n<meta property=\"og:description\" content=\"Nyt t\u00e4ll\u00e4 hetkell\u00e4 t\u00e4ss\u00e4 sohvalla istun ja kovasti ootan Juha Tapion keikka alkavaksi TV2 klo 20:05. Viikko sitten valittelin kurkkukipua ja v\u00e4symyst\u00e4. Pari p\u00e4iv\u00e4\u00e4 sitte luulin olevani voitolla, kun mihink\u00e4\u00e4n ei sattunu. Aamulla vein pojan p\u00e4iv\u00e4kotiin ja ihmettelin bussissa, et onpa outo olo nielussa. Nyt oon istunu sit illan n\u00e4in. Nen\u00e4 vuotaa ja aivastuttaa. Ja &hellip; Jatka artikkeliin *23.Luukku 23.12.2016\" \/>\n<meta property=\"og:url\" content=\"https:\/\/pakkoneuloosi86.blogaaja.fi\/?page_id=681\" \/>\n<meta property=\"og:site_name\" content=\"Pakkoneulootikon el\u00e4m\u00e4\u00e4\" \/>\n<meta property=\"og:image\" content=\"http:\/\/pakkoneuloosi86.blogaaja.fi\/files\/2016\/12\/20161223_184858-247x300.jpg\" \/>\n<meta name=\"twitter:card\" content=\"summary_large_image\" \/>\n<meta name=\"twitter:label1\" content=\"Est. reading time\">\n\t<meta name=\"twitter:data1\" content=\"1 minuutti\">\n<script type=\"application\/ld+json\" class=\"yoast-schema-graph\">{\"@context\":\"https:\/\/schema.org\",\"@graph\":[{\"@type\":\"WebSite\",\"@id\":\"https:\/\/pakkoneuloosi86.blogaaja.fi\/#website\",\"url\":\"https:\/\/pakkoneuloosi86.blogaaja.fi\/\",\"name\":\"Pakkoneulootikon el\\u00e4m\\u00e4\\u00e4\",\"description\":\"Asiasta aidanseip\\u00e4\\u00e4seen ja takasin ;)\",\"potentialAction\":[{\"@type\":\"SearchAction\",\"target\":\"https:\/\/pakkoneuloosi86.blogaaja.fi\/?s={search_term_string}\",\"query-input\":\"required name=search_term_string\"}],\"inLanguage\":\"fi\"},{\"@type\":\"ImageObject\",\"@id\":\"https:\/\/pakkoneuloosi86.blogaaja.fi\/?page_id=681#primaryimage\",\"inLanguage\":\"fi\",\"url\":\"http:\/\/pakkoneuloosi86.blogaaja.fi\/files\/2016\/12\/20161223_184858-247x300.jpg\"},{\"@type\":\"WebPage\",\"@id\":\"https:\/\/pakkoneuloosi86.blogaaja.fi\/?page_id=681#webpage\",\"url\":\"https:\/\/pakkoneuloosi86.blogaaja.fi\/?page_id=681\",\"name\":\"*23.Luukku 23.12.2016 - Pakkoneulootikon el\\u00e4m\\u00e4\\u00e4\",\"isPartOf\":{\"@id\":\"https:\/\/pakkoneuloosi86.blogaaja.fi\/#website\"},\"primaryImageOfPage\":{\"@id\":\"https:\/\/pakkoneuloosi86.blogaaja.fi\/?page_id=681#primaryimage\"},\"datePublished\":\"2016-12-23T16:58:19+00:00\",\"dateModified\":\"2016-12-23T16:58:19+00:00\",\"inLanguage\":\"fi\",\"potentialAction\":[{\"@type\":\"ReadAction\",\"target\":[\"https:\/\/pakkoneuloosi86.blogaaja.fi\/?page_id=681\"]}]}]}<\/script>\n<!-- \/ Yoast SEO plugin. -->","_links":{"self":[{"href":"https:\/\/pakkoneuloosi86.blogaaja.fi\/index.php?rest_route=\/wp\/v2\/pages\/681"}],"collection":[{"href":"https:\/\/pakkoneuloosi86.blogaaja.fi\/index.php?rest_route=\/wp\/v2\/pages"}],"about":[{"href":"https:\/\/pakkoneuloosi86.blogaaja.fi\/index.php?rest_route=\/wp\/v2\/types\/page"}],"author":[{"embeddable":true,"href":"https:\/\/pakkoneuloosi86.blogaaja.fi\/index.php?rest_route=\/wp\/v2\/users\/15737"}],"replies":[{"embeddable":true,"href":"https:\/\/pakkoneuloosi86.blogaaja.fi\/index.php?rest_route=%2Fwp%2Fv2%2Fcomments&post=681"}],"version-history":[{"count":0,"href":"https:\/\/pakkoneuloosi86.blogaaja.fi\/index.php?rest_route=\/wp\/v2\/pages\/681\/revisions"}],"up":[{"embeddable":true,"href":"https:\/\/pakkoneuloosi86.blogaaja.fi\/index.php?rest_route=\/wp\/v2\/pages\/511"}],"wp:attachment":[{"href":"https:\/\/pakkoneuloosi86.blogaaja.fi\/index.php?rest_route=%2Fwp%2Fv2%2Fmedia&parent=681"}],"curies":[{"name":"wp","href":"https:\/\/api.w.org\/{rel}","templated":true}]}}