{"id":677,"date":"2016-12-23T18:45:02","date_gmt":"2016-12-23T16:45:02","guid":{"rendered":"http:\/\/pakkoneuloosi86.blogaaja.fi\/?page_id=677"},"modified":"2016-12-23T18:45:02","modified_gmt":"2016-12-23T16:45:02","slug":"22-luukku-23-12-2016","status":"publish","type":"page","link":"https:\/\/pakkoneuloosi86.blogaaja.fi\/?page_id=677","title":{"rendered":"*22.Luukku 23.12.2016"},"content":{"rendered":"<p><img loading=\"lazy\" class=\"alignnone size-medium wp-image-678\" src=\"http:\/\/pakkoneuloosi86.blogaaja.fi\/files\/2016\/12\/20161223_184832-247x300.jpg\" alt=\"_20161223_184832\" width=\"247\" height=\"300\" srcset=\"https:\/\/pakkoneuloosi86.blogaaja.fi\/files\/2016\/12\/20161223_184832-247x300.jpg 247w, https:\/\/pakkoneuloosi86.blogaaja.fi\/files\/2016\/12\/20161223_184832.jpg 444w\" sizes=\"(max-width: 247px) 100vw, 247px\" \/><\/p>\n<p>Eilinen pussukka j\u00e4i jostain syyst\u00e4 eilen kuvaamatta, kun oli niin veto pois aamuvuoron j\u00e4lkeen, et pojalle oli piirrettyj\u00e4 ja \u00e4idille p\u00e4iksyt sohvalla. Ja serkku k\u00e4vi illalla vierailulla.<\/p>\n<p>Pussukasta kuitenkin paljastu nalleja \ud83d\ude42<\/p>\n<p><img loading=\"lazy\" class=\"alignnone size-medium wp-image-679\" src=\"http:\/\/pakkoneuloosi86.blogaaja.fi\/files\/2016\/12\/20161223_184922-210x300.jpg\" alt=\"_20161223_184922\" width=\"210\" height=\"300\" srcset=\"https:\/\/pakkoneuloosi86.blogaaja.fi\/files\/2016\/12\/20161223_184922-210x300.jpg 210w, https:\/\/pakkoneuloosi86.blogaaja.fi\/files\/2016\/12\/20161223_184922.jpg 484w\" sizes=\"(max-width: 210px) 100vw, 210px\" \/><\/p>\n<p>Sielt\u00e4 ne jokainen oman paikkansa l\u00f6ysi kuusesta \ud83d\ude42<\/p>\n<p>&lt;3 Heidi<\/p>\n","protected":false},"excerpt":{"rendered":"<p>Eilinen pussukka j\u00e4i jostain syyst\u00e4 eilen kuvaamatta, kun oli niin veto pois aamuvuoron j\u00e4lkeen, et pojalle oli piirrettyj\u00e4 ja \u00e4idille p\u00e4iksyt sohvalla. Ja serkku k\u00e4vi illalla vierailulla. Pussukasta kuitenkin paljastu nalleja \ud83d\ude42 Sielt\u00e4 ne jokainen oman paikkansa l\u00f6ysi kuusesta \ud83d\ude42 &lt;3 Heidi<\/p>\n","protected":false},"author":15737,"featured_media":0,"parent":511,"menu_order":22,"comment_status":"open","ping_status":"closed","template":"","meta":[],"yoast_head":"<!-- This site is optimized with the Yoast SEO plugin v15.6.2 - https:\/\/yoast.com\/wordpress\/plugins\/seo\/ -->\n<title>*22.Luukku 23.12.2016 - Pakkoneulootikon el\u00e4m\u00e4\u00e4<\/title>\n<meta name=\"robots\" content=\"index, follow, max-snippet:-1, max-image-preview:large, max-video-preview:-1\" \/>\n<link rel=\"canonical\" href=\"https:\/\/pakkoneuloosi86.blogaaja.fi\/?page_id=677\" \/>\n<meta property=\"og:locale\" content=\"fi_FI\" \/>\n<meta property=\"og:type\" content=\"article\" \/>\n<meta property=\"og:title\" content=\"*22.Luukku 23.12.2016 - Pakkoneulootikon el\u00e4m\u00e4\u00e4\" \/>\n<meta property=\"og:description\" content=\"Eilinen pussukka j\u00e4i jostain syyst\u00e4 eilen kuvaamatta, kun oli niin veto pois aamuvuoron j\u00e4lkeen, et pojalle oli piirrettyj\u00e4 ja \u00e4idille p\u00e4iksyt sohvalla. Ja serkku k\u00e4vi illalla vierailulla. Pussukasta kuitenkin paljastu nalleja \ud83d\ude42 Sielt\u00e4 ne jokainen oman paikkansa l\u00f6ysi kuusesta \ud83d\ude42 &lt;3 Heidi\" \/>\n<meta property=\"og:url\" content=\"https:\/\/pakkoneuloosi86.blogaaja.fi\/?page_id=677\" \/>\n<meta property=\"og:site_name\" content=\"Pakkoneulootikon el\u00e4m\u00e4\u00e4\" \/>\n<meta property=\"og:image\" content=\"http:\/\/pakkoneuloosi86.blogaaja.fi\/files\/2016\/12\/20161223_184832-247x300.jpg\" \/>\n<meta name=\"twitter:card\" content=\"summary_large_image\" \/>\n<script type=\"application\/ld+json\" class=\"yoast-schema-graph\">{\"@context\":\"https:\/\/schema.org\",\"@graph\":[{\"@type\":\"WebSite\",\"@id\":\"https:\/\/pakkoneuloosi86.blogaaja.fi\/#website\",\"url\":\"https:\/\/pakkoneuloosi86.blogaaja.fi\/\",\"name\":\"Pakkoneulootikon el\\u00e4m\\u00e4\\u00e4\",\"description\":\"Asiasta aidanseip\\u00e4\\u00e4seen ja takasin ;)\",\"potentialAction\":[{\"@type\":\"SearchAction\",\"target\":\"https:\/\/pakkoneuloosi86.blogaaja.fi\/?s={search_term_string}\",\"query-input\":\"required name=search_term_string\"}],\"inLanguage\":\"fi\"},{\"@type\":\"ImageObject\",\"@id\":\"https:\/\/pakkoneuloosi86.blogaaja.fi\/?page_id=677#primaryimage\",\"inLanguage\":\"fi\",\"url\":\"http:\/\/pakkoneuloosi86.blogaaja.fi\/files\/2016\/12\/20161223_184832-247x300.jpg\"},{\"@type\":\"WebPage\",\"@id\":\"https:\/\/pakkoneuloosi86.blogaaja.fi\/?page_id=677#webpage\",\"url\":\"https:\/\/pakkoneuloosi86.blogaaja.fi\/?page_id=677\",\"name\":\"*22.Luukku 23.12.2016 - Pakkoneulootikon el\\u00e4m\\u00e4\\u00e4\",\"isPartOf\":{\"@id\":\"https:\/\/pakkoneuloosi86.blogaaja.fi\/#website\"},\"primaryImageOfPage\":{\"@id\":\"https:\/\/pakkoneuloosi86.blogaaja.fi\/?page_id=677#primaryimage\"},\"datePublished\":\"2016-12-23T16:45:02+00:00\",\"dateModified\":\"2016-12-23T16:45:02+00:00\",\"inLanguage\":\"fi\",\"potentialAction\":[{\"@type\":\"ReadAction\",\"target\":[\"https:\/\/pakkoneuloosi86.blogaaja.fi\/?page_id=677\"]}]}]}<\/script>\n<!-- \/ Yoast SEO plugin. -->","_links":{"self":[{"href":"https:\/\/pakkoneuloosi86.blogaaja.fi\/index.php?rest_route=\/wp\/v2\/pages\/677"}],"collection":[{"href":"https:\/\/pakkoneuloosi86.blogaaja.fi\/index.php?rest_route=\/wp\/v2\/pages"}],"about":[{"href":"https:\/\/pakkoneuloosi86.blogaaja.fi\/index.php?rest_route=\/wp\/v2\/types\/page"}],"author":[{"embeddable":true,"href":"https:\/\/pakkoneuloosi86.blogaaja.fi\/index.php?rest_route=\/wp\/v2\/users\/15737"}],"replies":[{"embeddable":true,"href":"https:\/\/pakkoneuloosi86.blogaaja.fi\/index.php?rest_route=%2Fwp%2Fv2%2Fcomments&post=677"}],"version-history":[{"count":0,"href":"https:\/\/pakkoneuloosi86.blogaaja.fi\/index.php?rest_route=\/wp\/v2\/pages\/677\/revisions"}],"up":[{"embeddable":true,"href":"https:\/\/pakkoneuloosi86.blogaaja.fi\/index.php?rest_route=\/wp\/v2\/pages\/511"}],"wp:attachment":[{"href":"https:\/\/pakkoneuloosi86.blogaaja.fi\/index.php?rest_route=%2Fwp%2Fv2%2Fmedia&parent=677"}],"curies":[{"name":"wp","href":"https:\/\/api.w.org\/{rel}","templated":true}]}}