{"id":673,"date":"2016-12-21T21:23:19","date_gmt":"2016-12-21T19:23:19","guid":{"rendered":"http:\/\/pakkoneuloosi86.blogaaja.fi\/?page_id=673"},"modified":"2016-12-21T21:23:36","modified_gmt":"2016-12-21T19:23:36","slug":"21-luukku-21-12-2016","status":"publish","type":"page","link":"https:\/\/pakkoneuloosi86.blogaaja.fi\/?page_id=673","title":{"rendered":"*21.Luukku 21.12.2016"},"content":{"rendered":"<p><img loading=\"lazy\" class=\"alignnone size-medium wp-image-674\" src=\"http:\/\/pakkoneuloosi86.blogaaja.fi\/files\/2016\/12\/20161221_212830-276x300.jpg\" alt=\"_20161221_212830\" width=\"276\" height=\"300\" srcset=\"https:\/\/pakkoneuloosi86.blogaaja.fi\/files\/2016\/12\/20161221_212830-276x300.jpg 276w, https:\/\/pakkoneuloosi86.blogaaja.fi\/files\/2016\/12\/20161221_212830.jpg 441w\" sizes=\"(max-width: 276px) 100vw, 276px\" \/><\/p>\n<p>T\u00e4m\u00e4n p\u00e4iv\u00e4n pussukasta l\u00f6yty pojalle omat sakset. Eip\u00e4 tartte aina lainailla \u00e4itin omia ja unohtaa palauttaa niit\u00e4 \ud83d\ude09<\/p>\n<p><img loading=\"lazy\" class=\"alignnone size-medium wp-image-675\" src=\"http:\/\/pakkoneuloosi86.blogaaja.fi\/files\/2016\/12\/20161221_212850-159x300.jpg\" alt=\"_20161221_212850\" width=\"159\" height=\"300\" srcset=\"https:\/\/pakkoneuloosi86.blogaaja.fi\/files\/2016\/12\/20161221_212850-159x300.jpg 159w, https:\/\/pakkoneuloosi86.blogaaja.fi\/files\/2016\/12\/20161221_212850.jpg 325w\" sizes=\"(max-width: 159px) 100vw, 159px\" \/><\/p>\n<p>Ja poikahan oli ihan onnesta soikeena, taas. Katotaan kauanko sakset pysyy tallessa \ud83d\ude09<\/p>\n<p>Nyt y\u00f6puuhiin iltavuoron j\u00e4ljilt\u00e4 ja huomenna aamuks takasin!<\/p>\n<p>&lt;3 Heidi<\/p>\n","protected":false},"excerpt":{"rendered":"<p>T\u00e4m\u00e4n p\u00e4iv\u00e4n pussukasta l\u00f6yty pojalle omat sakset. Eip\u00e4 tartte aina lainailla \u00e4itin omia ja unohtaa palauttaa niit\u00e4 \ud83d\ude09 Ja poikahan oli ihan onnesta soikeena, taas. Katotaan kauanko sakset pysyy tallessa \ud83d\ude09 Nyt y\u00f6puuhiin iltavuoron j\u00e4ljilt\u00e4 ja huomenna aamuks takasin! &lt;3 Heidi<\/p>\n","protected":false},"author":15737,"featured_media":0,"parent":511,"menu_order":21,"comment_status":"open","ping_status":"closed","template":"","meta":[],"yoast_head":"<!-- This site is optimized with the Yoast SEO plugin v15.6.2 - https:\/\/yoast.com\/wordpress\/plugins\/seo\/ -->\n<title>*21.Luukku 21.12.2016 - Pakkoneulootikon el\u00e4m\u00e4\u00e4<\/title>\n<meta name=\"robots\" content=\"index, follow, max-snippet:-1, max-image-preview:large, max-video-preview:-1\" \/>\n<link rel=\"canonical\" href=\"https:\/\/pakkoneuloosi86.blogaaja.fi\/?page_id=673\" \/>\n<meta property=\"og:locale\" content=\"fi_FI\" \/>\n<meta property=\"og:type\" content=\"article\" \/>\n<meta property=\"og:title\" content=\"*21.Luukku 21.12.2016 - Pakkoneulootikon el\u00e4m\u00e4\u00e4\" \/>\n<meta property=\"og:description\" content=\"T\u00e4m\u00e4n p\u00e4iv\u00e4n pussukasta l\u00f6yty pojalle omat sakset. Eip\u00e4 tartte aina lainailla \u00e4itin omia ja unohtaa palauttaa niit\u00e4 \ud83d\ude09 Ja poikahan oli ihan onnesta soikeena, taas. Katotaan kauanko sakset pysyy tallessa \ud83d\ude09 Nyt y\u00f6puuhiin iltavuoron j\u00e4ljilt\u00e4 ja huomenna aamuks takasin! &lt;3 Heidi\" \/>\n<meta property=\"og:url\" content=\"https:\/\/pakkoneuloosi86.blogaaja.fi\/?page_id=673\" \/>\n<meta property=\"og:site_name\" content=\"Pakkoneulootikon el\u00e4m\u00e4\u00e4\" \/>\n<meta property=\"article:modified_time\" content=\"2016-12-21T19:23:36+00:00\" \/>\n<meta property=\"og:image\" content=\"http:\/\/pakkoneuloosi86.blogaaja.fi\/files\/2016\/12\/20161221_212830-276x300.jpg\" \/>\n<meta name=\"twitter:card\" content=\"summary_large_image\" \/>\n<script type=\"application\/ld+json\" class=\"yoast-schema-graph\">{\"@context\":\"https:\/\/schema.org\",\"@graph\":[{\"@type\":\"WebSite\",\"@id\":\"https:\/\/pakkoneuloosi86.blogaaja.fi\/#website\",\"url\":\"https:\/\/pakkoneuloosi86.blogaaja.fi\/\",\"name\":\"Pakkoneulootikon el\\u00e4m\\u00e4\\u00e4\",\"description\":\"Asiasta aidanseip\\u00e4\\u00e4seen ja takasin ;)\",\"potentialAction\":[{\"@type\":\"SearchAction\",\"target\":\"https:\/\/pakkoneuloosi86.blogaaja.fi\/?s={search_term_string}\",\"query-input\":\"required name=search_term_string\"}],\"inLanguage\":\"fi\"},{\"@type\":\"ImageObject\",\"@id\":\"https:\/\/pakkoneuloosi86.blogaaja.fi\/?page_id=673#primaryimage\",\"inLanguage\":\"fi\",\"url\":\"http:\/\/pakkoneuloosi86.blogaaja.fi\/files\/2016\/12\/20161221_212830-276x300.jpg\"},{\"@type\":\"WebPage\",\"@id\":\"https:\/\/pakkoneuloosi86.blogaaja.fi\/?page_id=673#webpage\",\"url\":\"https:\/\/pakkoneuloosi86.blogaaja.fi\/?page_id=673\",\"name\":\"*21.Luukku 21.12.2016 - Pakkoneulootikon el\\u00e4m\\u00e4\\u00e4\",\"isPartOf\":{\"@id\":\"https:\/\/pakkoneuloosi86.blogaaja.fi\/#website\"},\"primaryImageOfPage\":{\"@id\":\"https:\/\/pakkoneuloosi86.blogaaja.fi\/?page_id=673#primaryimage\"},\"datePublished\":\"2016-12-21T19:23:19+00:00\",\"dateModified\":\"2016-12-21T19:23:36+00:00\",\"inLanguage\":\"fi\",\"potentialAction\":[{\"@type\":\"ReadAction\",\"target\":[\"https:\/\/pakkoneuloosi86.blogaaja.fi\/?page_id=673\"]}]}]}<\/script>\n<!-- \/ Yoast SEO plugin. -->","_links":{"self":[{"href":"https:\/\/pakkoneuloosi86.blogaaja.fi\/index.php?rest_route=\/wp\/v2\/pages\/673"}],"collection":[{"href":"https:\/\/pakkoneuloosi86.blogaaja.fi\/index.php?rest_route=\/wp\/v2\/pages"}],"about":[{"href":"https:\/\/pakkoneuloosi86.blogaaja.fi\/index.php?rest_route=\/wp\/v2\/types\/page"}],"author":[{"embeddable":true,"href":"https:\/\/pakkoneuloosi86.blogaaja.fi\/index.php?rest_route=\/wp\/v2\/users\/15737"}],"replies":[{"embeddable":true,"href":"https:\/\/pakkoneuloosi86.blogaaja.fi\/index.php?rest_route=%2Fwp%2Fv2%2Fcomments&post=673"}],"version-history":[{"count":0,"href":"https:\/\/pakkoneuloosi86.blogaaja.fi\/index.php?rest_route=\/wp\/v2\/pages\/673\/revisions"}],"up":[{"embeddable":true,"href":"https:\/\/pakkoneuloosi86.blogaaja.fi\/index.php?rest_route=\/wp\/v2\/pages\/511"}],"wp:attachment":[{"href":"https:\/\/pakkoneuloosi86.blogaaja.fi\/index.php?rest_route=%2Fwp%2Fv2%2Fmedia&parent=673"}],"curies":[{"name":"wp","href":"https:\/\/api.w.org\/{rel}","templated":true}]}}