{"id":668,"date":"2016-12-21T11:29:54","date_gmt":"2016-12-21T09:29:54","guid":{"rendered":"http:\/\/pakkoneuloosi86.blogaaja.fi\/?page_id=668"},"modified":"2016-12-21T11:29:54","modified_gmt":"2016-12-21T09:29:54","slug":"saarystimet-21-12-2016","status":"publish","type":"page","link":"https:\/\/pakkoneuloosi86.blogaaja.fi\/?page_id=668","title":{"rendered":"-S\u00e4\u00e4rystimet 21.12.2016"},"content":{"rendered":"<p>T\u00e4n\u00e4\u00e4n sain valmiiks s\u00e4\u00e4rystimet ittelleni.<\/p>\n<p><img loading=\"lazy\" class=\"alignnone size-medium wp-image-669\" src=\"http:\/\/pakkoneuloosi86.blogaaja.fi\/files\/2016\/12\/20161221_112511-219x300.jpg\" alt=\"_20161221_112511\" width=\"219\" height=\"300\" srcset=\"https:\/\/pakkoneuloosi86.blogaaja.fi\/files\/2016\/12\/20161221_112511-219x300.jpg 219w, https:\/\/pakkoneuloosi86.blogaaja.fi\/files\/2016\/12\/20161221_112511.jpg 496w\" sizes=\"(max-width: 219px) 100vw, 219px\" \/><\/p>\n<p>Lankana sama Red Heart Soft, kun pipossakin. Puikkoina Cubics nro 5. Ihan 2o 2n joustinneuleella tein. Joka puikolla 14s eli yhteens\u00e4 56s. Kerroksia tein 80.<\/p>\n<p><img loading=\"lazy\" class=\"alignnone size-medium wp-image-670\" src=\"http:\/\/pakkoneuloosi86.blogaaja.fi\/files\/2016\/12\/20161221_112444-222x300.jpg\" alt=\"_20161221_112444\" width=\"222\" height=\"300\" srcset=\"https:\/\/pakkoneuloosi86.blogaaja.fi\/files\/2016\/12\/20161221_112444-222x300.jpg 222w, https:\/\/pakkoneuloosi86.blogaaja.fi\/files\/2016\/12\/20161221_112444.jpg 537w\" sizes=\"(max-width: 222px) 100vw, 222px\" \/><\/p>\n<p>V\u00e4ri on taas luonnossa paljon kirkkaampi, kun noissa kuvissa. L\u00e4hemp\u00e4n\u00e4 viininpunasta.<\/p>\n<p>T\u00e4ytyy vissiin ostaa joku laatikko noille j\u00e4m\u00e4langoile mihin vois ker\u00e4n loput aina laittaa \ud83d\ude00 Nyt niit\u00e4 kuljeksii v\u00e4h\u00e4n joka paikassa.<\/p>\n<p>T\u00e4n\u00e4\u00e4n nokka kohti iltavuoroa. Kivaa p\u00e4iv\u00e4\u00e4 kaikille!<\/p>\n<p>&lt;3 Heidi<\/p>\n","protected":false},"excerpt":{"rendered":"<p>T\u00e4n\u00e4\u00e4n sain valmiiks s\u00e4\u00e4rystimet ittelleni. Lankana sama Red Heart Soft, kun pipossakin. Puikkoina Cubics nro 5. Ihan 2o 2n joustinneuleella tein. Joka puikolla 14s eli yhteens\u00e4 56s. Kerroksia tein 80. V\u00e4ri on taas luonnossa paljon kirkkaampi, kun noissa kuvissa. L\u00e4hemp\u00e4n\u00e4 viininpunasta. T\u00e4ytyy vissiin ostaa joku laatikko noille j\u00e4m\u00e4langoile mihin vois ker\u00e4n loput aina laittaa \ud83d\ude00 &hellip; <a href=\"https:\/\/pakkoneuloosi86.blogaaja.fi\/?page_id=668\" class=\"more-link\">Jatka artikkeliin <span class=\"screen-reader-text\">-S\u00e4\u00e4rystimet 21.12.2016<\/span><\/a><\/p>\n","protected":false},"author":15737,"featured_media":0,"parent":267,"menu_order":5,"comment_status":"open","ping_status":"closed","template":"","meta":[],"yoast_head":"<!-- This site is optimized with the Yoast SEO plugin v15.6.2 - https:\/\/yoast.com\/wordpress\/plugins\/seo\/ -->\n<title>-S\u00e4\u00e4rystimet 21.12.2016 - Pakkoneulootikon el\u00e4m\u00e4\u00e4<\/title>\n<meta name=\"robots\" content=\"index, follow, max-snippet:-1, max-image-preview:large, max-video-preview:-1\" \/>\n<link rel=\"canonical\" href=\"https:\/\/pakkoneuloosi86.blogaaja.fi\/?page_id=668\" \/>\n<meta property=\"og:locale\" content=\"fi_FI\" \/>\n<meta property=\"og:type\" content=\"article\" \/>\n<meta property=\"og:title\" content=\"-S\u00e4\u00e4rystimet 21.12.2016 - Pakkoneulootikon el\u00e4m\u00e4\u00e4\" \/>\n<meta property=\"og:description\" content=\"T\u00e4n\u00e4\u00e4n sain valmiiks s\u00e4\u00e4rystimet ittelleni. Lankana sama Red Heart Soft, kun pipossakin. Puikkoina Cubics nro 5. Ihan 2o 2n joustinneuleella tein. Joka puikolla 14s eli yhteens\u00e4 56s. Kerroksia tein 80. V\u00e4ri on taas luonnossa paljon kirkkaampi, kun noissa kuvissa. L\u00e4hemp\u00e4n\u00e4 viininpunasta. T\u00e4ytyy vissiin ostaa joku laatikko noille j\u00e4m\u00e4langoile mihin vois ker\u00e4n loput aina laittaa \ud83d\ude00 &hellip; Jatka artikkeliin -S\u00e4\u00e4rystimet 21.12.2016\" \/>\n<meta property=\"og:url\" content=\"https:\/\/pakkoneuloosi86.blogaaja.fi\/?page_id=668\" \/>\n<meta property=\"og:site_name\" content=\"Pakkoneulootikon el\u00e4m\u00e4\u00e4\" \/>\n<meta property=\"og:image\" content=\"http:\/\/pakkoneuloosi86.blogaaja.fi\/files\/2016\/12\/20161221_112511-219x300.jpg\" \/>\n<meta name=\"twitter:card\" content=\"summary_large_image\" \/>\n<script type=\"application\/ld+json\" class=\"yoast-schema-graph\">{\"@context\":\"https:\/\/schema.org\",\"@graph\":[{\"@type\":\"WebSite\",\"@id\":\"https:\/\/pakkoneuloosi86.blogaaja.fi\/#website\",\"url\":\"https:\/\/pakkoneuloosi86.blogaaja.fi\/\",\"name\":\"Pakkoneulootikon el\\u00e4m\\u00e4\\u00e4\",\"description\":\"Asiasta aidanseip\\u00e4\\u00e4seen ja takasin ;)\",\"potentialAction\":[{\"@type\":\"SearchAction\",\"target\":\"https:\/\/pakkoneuloosi86.blogaaja.fi\/?s={search_term_string}\",\"query-input\":\"required name=search_term_string\"}],\"inLanguage\":\"fi\"},{\"@type\":\"ImageObject\",\"@id\":\"https:\/\/pakkoneuloosi86.blogaaja.fi\/?page_id=668#primaryimage\",\"inLanguage\":\"fi\",\"url\":\"http:\/\/pakkoneuloosi86.blogaaja.fi\/files\/2016\/12\/20161221_112511-219x300.jpg\"},{\"@type\":\"WebPage\",\"@id\":\"https:\/\/pakkoneuloosi86.blogaaja.fi\/?page_id=668#webpage\",\"url\":\"https:\/\/pakkoneuloosi86.blogaaja.fi\/?page_id=668\",\"name\":\"-S\\u00e4\\u00e4rystimet 21.12.2016 - Pakkoneulootikon el\\u00e4m\\u00e4\\u00e4\",\"isPartOf\":{\"@id\":\"https:\/\/pakkoneuloosi86.blogaaja.fi\/#website\"},\"primaryImageOfPage\":{\"@id\":\"https:\/\/pakkoneuloosi86.blogaaja.fi\/?page_id=668#primaryimage\"},\"datePublished\":\"2016-12-21T09:29:54+00:00\",\"dateModified\":\"2016-12-21T09:29:54+00:00\",\"inLanguage\":\"fi\",\"potentialAction\":[{\"@type\":\"ReadAction\",\"target\":[\"https:\/\/pakkoneuloosi86.blogaaja.fi\/?page_id=668\"]}]}]}<\/script>\n<!-- \/ Yoast SEO plugin. -->","_links":{"self":[{"href":"https:\/\/pakkoneuloosi86.blogaaja.fi\/index.php?rest_route=\/wp\/v2\/pages\/668"}],"collection":[{"href":"https:\/\/pakkoneuloosi86.blogaaja.fi\/index.php?rest_route=\/wp\/v2\/pages"}],"about":[{"href":"https:\/\/pakkoneuloosi86.blogaaja.fi\/index.php?rest_route=\/wp\/v2\/types\/page"}],"author":[{"embeddable":true,"href":"https:\/\/pakkoneuloosi86.blogaaja.fi\/index.php?rest_route=\/wp\/v2\/users\/15737"}],"replies":[{"embeddable":true,"href":"https:\/\/pakkoneuloosi86.blogaaja.fi\/index.php?rest_route=%2Fwp%2Fv2%2Fcomments&post=668"}],"version-history":[{"count":0,"href":"https:\/\/pakkoneuloosi86.blogaaja.fi\/index.php?rest_route=\/wp\/v2\/pages\/668\/revisions"}],"up":[{"embeddable":true,"href":"https:\/\/pakkoneuloosi86.blogaaja.fi\/index.php?rest_route=\/wp\/v2\/pages\/267"}],"wp:attachment":[{"href":"https:\/\/pakkoneuloosi86.blogaaja.fi\/index.php?rest_route=%2Fwp%2Fv2%2Fmedia&parent=668"}],"curies":[{"name":"wp","href":"https:\/\/api.w.org\/{rel}","templated":true}]}}