{"id":664,"date":"2016-12-20T18:55:09","date_gmt":"2016-12-20T16:55:09","guid":{"rendered":"http:\/\/pakkoneuloosi86.blogaaja.fi\/?page_id=664"},"modified":"2016-12-20T18:55:09","modified_gmt":"2016-12-20T16:55:09","slug":"20-luukku-20-12-2016","status":"publish","type":"page","link":"https:\/\/pakkoneuloosi86.blogaaja.fi\/?page_id=664","title":{"rendered":"*20.Luukku 20.12.2016"},"content":{"rendered":"<p><img loading=\"lazy\" class=\"alignnone size-medium wp-image-665\" src=\"http:\/\/pakkoneuloosi86.blogaaja.fi\/files\/2016\/12\/20161220_090201-271x300.jpg\" alt=\"_20161220_090201\" width=\"271\" height=\"300\" srcset=\"https:\/\/pakkoneuloosi86.blogaaja.fi\/files\/2016\/12\/20161220_090201-271x300.jpg 271w, https:\/\/pakkoneuloosi86.blogaaja.fi\/files\/2016\/12\/20161220_090201.jpg 496w\" sizes=\"(max-width: 271px) 100vw, 271px\" \/><\/p>\n<p>Muutoin normip\u00e4iv\u00e4, mut poika on t\u00e4n\u00e4\u00e4n aivastelu. L\u00e4mp\u00f6\u00e4kin oli ja nokka vuotaa. Huominen ja to hoitop\u00e4iv\u00e4 j\u00e4\u00e4 v\u00e4liin ja pikkusisko tulee kattomaa per\u00e4\u00e4n. Pe on sit itte j\u00e4\u00e4t\u00e4v\u00e4 p\u00e4iv\u00e4ks kotiin jos ei o viel\u00e4 parantunu. Aikamoinen aropupu toi silti on \ud83d\ude00<\/p>\n<p>Just tuli Ylelt\u00e4 mainos, et Juha Tapio olis pe 23.12 ohjelmistossa heill\u00e4 &lt;3<\/p>\n<p>T\u00e4n p\u00e4iv\u00e4n pussista tuli 20kpl tikkareita \ud83d\ude42<\/p>\n<p><img loading=\"lazy\" class=\"alignnone size-medium wp-image-666\" src=\"http:\/\/pakkoneuloosi86.blogaaja.fi\/files\/2016\/12\/20161220_090234-300x294.jpg\" alt=\"_20161220_090234\" width=\"300\" height=\"294\" srcset=\"https:\/\/pakkoneuloosi86.blogaaja.fi\/files\/2016\/12\/20161220_090234-300x294.jpg 300w, https:\/\/pakkoneuloosi86.blogaaja.fi\/files\/2016\/12\/20161220_090234.jpg 435w\" sizes=\"(max-width: 300px) 100vw, 300px\" \/><\/p>\n<p>Ja kohteliaaks opetettuna poika tarjos yhen mullekkin &lt;3<\/p>\n<p>Taatelikakkukin tehtiin taas t\u00e4n\u00e4\u00e4n \ud83d\ude42 Viel pit\u00e4s kaks teh\u00e4 parin p\u00e4iv\u00e4n aikana.<\/p>\n<p>4 \u00a0y\u00f6t\u00e4 en\u00e4\u00e4 &lt;3<\/p>\n<p>&lt;3 Heidi<\/p>\n","protected":false},"excerpt":{"rendered":"<p>Muutoin normip\u00e4iv\u00e4, mut poika on t\u00e4n\u00e4\u00e4n aivastelu. L\u00e4mp\u00f6\u00e4kin oli ja nokka vuotaa. Huominen ja to hoitop\u00e4iv\u00e4 j\u00e4\u00e4 v\u00e4liin ja pikkusisko tulee kattomaa per\u00e4\u00e4n. Pe on sit itte j\u00e4\u00e4t\u00e4v\u00e4 p\u00e4iv\u00e4ks kotiin jos ei o viel\u00e4 parantunu. Aikamoinen aropupu toi silti on \ud83d\ude00 Just tuli Ylelt\u00e4 mainos, et Juha Tapio olis pe 23.12 ohjelmistossa heill\u00e4 &lt;3 T\u00e4n &hellip; <a href=\"https:\/\/pakkoneuloosi86.blogaaja.fi\/?page_id=664\" class=\"more-link\">Jatka artikkeliin <span class=\"screen-reader-text\">*20.Luukku 20.12.2016<\/span><\/a><\/p>\n","protected":false},"author":15737,"featured_media":0,"parent":511,"menu_order":20,"comment_status":"open","ping_status":"closed","template":"","meta":[],"yoast_head":"<!-- This site is optimized with the Yoast SEO plugin v15.6.2 - https:\/\/yoast.com\/wordpress\/plugins\/seo\/ -->\n<title>*20.Luukku 20.12.2016 - Pakkoneulootikon el\u00e4m\u00e4\u00e4<\/title>\n<meta name=\"robots\" content=\"index, follow, max-snippet:-1, max-image-preview:large, max-video-preview:-1\" \/>\n<link rel=\"canonical\" href=\"https:\/\/pakkoneuloosi86.blogaaja.fi\/?page_id=664\" \/>\n<meta property=\"og:locale\" content=\"fi_FI\" \/>\n<meta property=\"og:type\" content=\"article\" \/>\n<meta property=\"og:title\" content=\"*20.Luukku 20.12.2016 - Pakkoneulootikon el\u00e4m\u00e4\u00e4\" \/>\n<meta property=\"og:description\" content=\"Muutoin normip\u00e4iv\u00e4, mut poika on t\u00e4n\u00e4\u00e4n aivastelu. L\u00e4mp\u00f6\u00e4kin oli ja nokka vuotaa. Huominen ja to hoitop\u00e4iv\u00e4 j\u00e4\u00e4 v\u00e4liin ja pikkusisko tulee kattomaa per\u00e4\u00e4n. Pe on sit itte j\u00e4\u00e4t\u00e4v\u00e4 p\u00e4iv\u00e4ks kotiin jos ei o viel\u00e4 parantunu. Aikamoinen aropupu toi silti on \ud83d\ude00 Just tuli Ylelt\u00e4 mainos, et Juha Tapio olis pe 23.12 ohjelmistossa heill\u00e4 &lt;3 T\u00e4n &hellip; Jatka artikkeliin *20.Luukku 20.12.2016\" \/>\n<meta property=\"og:url\" content=\"https:\/\/pakkoneuloosi86.blogaaja.fi\/?page_id=664\" \/>\n<meta property=\"og:site_name\" content=\"Pakkoneulootikon el\u00e4m\u00e4\u00e4\" \/>\n<meta property=\"og:image\" content=\"http:\/\/pakkoneuloosi86.blogaaja.fi\/files\/2016\/12\/20161220_090201-271x300.jpg\" \/>\n<meta name=\"twitter:card\" content=\"summary_large_image\" \/>\n<meta name=\"twitter:label1\" content=\"Est. reading time\">\n\t<meta name=\"twitter:data1\" content=\"1 minuutti\">\n<script type=\"application\/ld+json\" class=\"yoast-schema-graph\">{\"@context\":\"https:\/\/schema.org\",\"@graph\":[{\"@type\":\"WebSite\",\"@id\":\"https:\/\/pakkoneuloosi86.blogaaja.fi\/#website\",\"url\":\"https:\/\/pakkoneuloosi86.blogaaja.fi\/\",\"name\":\"Pakkoneulootikon el\\u00e4m\\u00e4\\u00e4\",\"description\":\"Asiasta aidanseip\\u00e4\\u00e4seen ja takasin ;)\",\"potentialAction\":[{\"@type\":\"SearchAction\",\"target\":\"https:\/\/pakkoneuloosi86.blogaaja.fi\/?s={search_term_string}\",\"query-input\":\"required name=search_term_string\"}],\"inLanguage\":\"fi\"},{\"@type\":\"ImageObject\",\"@id\":\"https:\/\/pakkoneuloosi86.blogaaja.fi\/?page_id=664#primaryimage\",\"inLanguage\":\"fi\",\"url\":\"http:\/\/pakkoneuloosi86.blogaaja.fi\/files\/2016\/12\/20161220_090201-271x300.jpg\"},{\"@type\":\"WebPage\",\"@id\":\"https:\/\/pakkoneuloosi86.blogaaja.fi\/?page_id=664#webpage\",\"url\":\"https:\/\/pakkoneuloosi86.blogaaja.fi\/?page_id=664\",\"name\":\"*20.Luukku 20.12.2016 - Pakkoneulootikon el\\u00e4m\\u00e4\\u00e4\",\"isPartOf\":{\"@id\":\"https:\/\/pakkoneuloosi86.blogaaja.fi\/#website\"},\"primaryImageOfPage\":{\"@id\":\"https:\/\/pakkoneuloosi86.blogaaja.fi\/?page_id=664#primaryimage\"},\"datePublished\":\"2016-12-20T16:55:09+00:00\",\"dateModified\":\"2016-12-20T16:55:09+00:00\",\"inLanguage\":\"fi\",\"potentialAction\":[{\"@type\":\"ReadAction\",\"target\":[\"https:\/\/pakkoneuloosi86.blogaaja.fi\/?page_id=664\"]}]}]}<\/script>\n<!-- \/ Yoast SEO plugin. -->","_links":{"self":[{"href":"https:\/\/pakkoneuloosi86.blogaaja.fi\/index.php?rest_route=\/wp\/v2\/pages\/664"}],"collection":[{"href":"https:\/\/pakkoneuloosi86.blogaaja.fi\/index.php?rest_route=\/wp\/v2\/pages"}],"about":[{"href":"https:\/\/pakkoneuloosi86.blogaaja.fi\/index.php?rest_route=\/wp\/v2\/types\/page"}],"author":[{"embeddable":true,"href":"https:\/\/pakkoneuloosi86.blogaaja.fi\/index.php?rest_route=\/wp\/v2\/users\/15737"}],"replies":[{"embeddable":true,"href":"https:\/\/pakkoneuloosi86.blogaaja.fi\/index.php?rest_route=%2Fwp%2Fv2%2Fcomments&post=664"}],"version-history":[{"count":0,"href":"https:\/\/pakkoneuloosi86.blogaaja.fi\/index.php?rest_route=\/wp\/v2\/pages\/664\/revisions"}],"up":[{"embeddable":true,"href":"https:\/\/pakkoneuloosi86.blogaaja.fi\/index.php?rest_route=\/wp\/v2\/pages\/511"}],"wp:attachment":[{"href":"https:\/\/pakkoneuloosi86.blogaaja.fi\/index.php?rest_route=%2Fwp%2Fv2%2Fmedia&parent=664"}],"curies":[{"name":"wp","href":"https:\/\/api.w.org\/{rel}","templated":true}]}}