{"id":655,"date":"2016-12-18T19:36:30","date_gmt":"2016-12-18T17:36:30","guid":{"rendered":"http:\/\/pakkoneuloosi86.blogaaja.fi\/?page_id=655"},"modified":"2016-12-18T19:36:30","modified_gmt":"2016-12-18T17:36:30","slug":"18-luukku-18-12-2016","status":"publish","type":"page","link":"https:\/\/pakkoneuloosi86.blogaaja.fi\/?page_id=655","title":{"rendered":"*18.Luukku 18.12.2016"},"content":{"rendered":"<p><img loading=\"lazy\" class=\"alignnone size-medium wp-image-656\" src=\"http:\/\/pakkoneuloosi86.blogaaja.fi\/files\/2016\/12\/20161218_191337-265x300.jpg\" alt=\"_20161218_191337\" width=\"265\" height=\"300\" srcset=\"https:\/\/pakkoneuloosi86.blogaaja.fi\/files\/2016\/12\/20161218_191337-265x300.jpg 265w, https:\/\/pakkoneuloosi86.blogaaja.fi\/files\/2016\/12\/20161218_191337.jpg 432w\" sizes=\"(max-width: 265px) 100vw, 265px\" \/><\/p>\n<p>V\u00e4hiin ne k\u00e4y ennenkun loppuu. T\u00e4n\u00e4\u00e4n oli viides ty\u00f6p\u00e4iv\u00e4, kolmas aamuvuoro. Aamulla her\u00e4tess\u00e4 tuntu, etten vaan pysty menem\u00e4\u00e4n t\u00f6ihin. V\u00e4sytti, sattu p\u00e4\u00e4h\u00e4n ja kurkkua koski edelleen. Kun nyt ei muita oireita ollu kuitenkaan niin hilasin itteni pys\u00e4kille ja palvelulinjalla ty\u00f6maalle. Kauneimmat joululaulut oli pakko j\u00e4tt\u00e4\u00e4 v\u00e4liin. Samoin j\u00e4\u00e4 nyt huominen kaverin luo menokin. Just, kun pitk\u00e4st\u00e4 aikaa olis n\u00e4hty kunnolla. Eilen iltap\u00e4iv\u00e4ll\u00e4 naprapaattik\u00e4ynnin j\u00e4lkeen tulin kotiin ja kotouduin niin hyvin sohvalle, et nukahdin klo 16 siihen. Havahduin kunnolla joskus klo 19 ja klo 21 olin s\u00e4ngyss\u00e4 nukkumassa. Buranaa ja Panadolia vedin kilpaa. Kuumetta ei o ollu miss\u00e4\u00e4n vaiheessa, toki burana voi teh\u00e4 sen ettei nouse edes l\u00e4mp\u00f6. Edelleen on kurkku kipee ja nyt kutisee korviakin. Pit\u00e4\u00e4 t\u00e4ss\u00e4 viel pari p\u00e4iv\u00e4\u00e4 katella ja jos ei olo helpotu niin k\u00e4yd\u00e4 l\u00e4\u00e4k\u00e4riss\u00e4, nyt kolmatta p\u00e4iv\u00e4\u00e4 menossa t\u00e4mm\u00f6nen.<\/p>\n<p>Pojan sain just nukkumaan ja alkaa olla sill\u00e4 hilkulla, et meen itte omaan s\u00e4nkyyn kohta.<\/p>\n<p>T\u00e4n p\u00e4iv\u00e4n pussukasta tuli syd\u00e4nkoristeita kuuseen<\/p>\n<p><img loading=\"lazy\" class=\"alignnone size-medium wp-image-657\" src=\"http:\/\/pakkoneuloosi86.blogaaja.fi\/files\/2016\/12\/20161218_191416-300x182.jpg\" alt=\"_20161218_191416\" width=\"300\" height=\"182\" srcset=\"https:\/\/pakkoneuloosi86.blogaaja.fi\/files\/2016\/12\/20161218_191416-300x182.jpg 300w, https:\/\/pakkoneuloosi86.blogaaja.fi\/files\/2016\/12\/20161218_191416.jpg 768w\" sizes=\"(max-width: 300px) 100vw, 300px\" \/><\/p>\n<p><img loading=\"lazy\" class=\"alignnone size-medium wp-image-658\" src=\"http:\/\/pakkoneuloosi86.blogaaja.fi\/files\/2016\/12\/20161218_191438-197x300.jpg\" alt=\"_20161218_191438\" width=\"197\" height=\"300\" srcset=\"https:\/\/pakkoneuloosi86.blogaaja.fi\/files\/2016\/12\/20161218_191438-197x300.jpg 197w, https:\/\/pakkoneuloosi86.blogaaja.fi\/files\/2016\/12\/20161218_191438.jpg 416w\" sizes=\"(max-width: 197px) 100vw, 197px\" \/><\/p>\n<p>Onneks tosiaan k\u00e4y p\u00e4iv\u00e4t v\u00e4hiin. Kohta ei n\u00e4y kuusta koristeiden alta ollenkaan \ud83d\ude00<\/p>\n<p>Se olis 6 y\u00f6t\u00e4 en\u00e4\u00e4 hei!!!! Miten teill\u00e4 vietet\u00e4\u00e4n joulua?<\/p>\n<p>Mukavaa alkavaa jouluviikkoa! \ud83d\ude42<\/p>\n<p>&lt;3 Heidi<\/p>\n","protected":false},"excerpt":{"rendered":"<p>V\u00e4hiin ne k\u00e4y ennenkun loppuu. T\u00e4n\u00e4\u00e4n oli viides ty\u00f6p\u00e4iv\u00e4, kolmas aamuvuoro. Aamulla her\u00e4tess\u00e4 tuntu, etten vaan pysty menem\u00e4\u00e4n t\u00f6ihin. V\u00e4sytti, sattu p\u00e4\u00e4h\u00e4n ja kurkkua koski edelleen. Kun nyt ei muita oireita ollu kuitenkaan niin hilasin itteni pys\u00e4kille ja palvelulinjalla ty\u00f6maalle. Kauneimmat joululaulut oli pakko j\u00e4tt\u00e4\u00e4 v\u00e4liin. Samoin j\u00e4\u00e4 nyt huominen kaverin luo menokin. Just, kun &hellip; <a href=\"https:\/\/pakkoneuloosi86.blogaaja.fi\/?page_id=655\" class=\"more-link\">Jatka artikkeliin <span class=\"screen-reader-text\">*18.Luukku 18.12.2016<\/span><\/a><\/p>\n","protected":false},"author":15737,"featured_media":0,"parent":511,"menu_order":18,"comment_status":"open","ping_status":"closed","template":"","meta":[],"yoast_head":"<!-- This site is optimized with the Yoast SEO plugin v15.6.2 - https:\/\/yoast.com\/wordpress\/plugins\/seo\/ -->\n<title>*18.Luukku 18.12.2016 - Pakkoneulootikon el\u00e4m\u00e4\u00e4<\/title>\n<meta name=\"robots\" content=\"index, follow, max-snippet:-1, max-image-preview:large, max-video-preview:-1\" \/>\n<link rel=\"canonical\" href=\"https:\/\/pakkoneuloosi86.blogaaja.fi\/?page_id=655\" \/>\n<meta property=\"og:locale\" content=\"fi_FI\" \/>\n<meta property=\"og:type\" content=\"article\" \/>\n<meta property=\"og:title\" content=\"*18.Luukku 18.12.2016 - Pakkoneulootikon el\u00e4m\u00e4\u00e4\" \/>\n<meta property=\"og:description\" content=\"V\u00e4hiin ne k\u00e4y ennenkun loppuu. T\u00e4n\u00e4\u00e4n oli viides ty\u00f6p\u00e4iv\u00e4, kolmas aamuvuoro. Aamulla her\u00e4tess\u00e4 tuntu, etten vaan pysty menem\u00e4\u00e4n t\u00f6ihin. V\u00e4sytti, sattu p\u00e4\u00e4h\u00e4n ja kurkkua koski edelleen. Kun nyt ei muita oireita ollu kuitenkaan niin hilasin itteni pys\u00e4kille ja palvelulinjalla ty\u00f6maalle. Kauneimmat joululaulut oli pakko j\u00e4tt\u00e4\u00e4 v\u00e4liin. Samoin j\u00e4\u00e4 nyt huominen kaverin luo menokin. Just, kun &hellip; Jatka artikkeliin *18.Luukku 18.12.2016\" \/>\n<meta property=\"og:url\" content=\"https:\/\/pakkoneuloosi86.blogaaja.fi\/?page_id=655\" \/>\n<meta property=\"og:site_name\" content=\"Pakkoneulootikon el\u00e4m\u00e4\u00e4\" \/>\n<meta property=\"og:image\" content=\"http:\/\/pakkoneuloosi86.blogaaja.fi\/files\/2016\/12\/20161218_191337-265x300.jpg\" \/>\n<meta name=\"twitter:card\" content=\"summary_large_image\" \/>\n<meta name=\"twitter:label1\" content=\"Est. reading time\">\n\t<meta name=\"twitter:data1\" content=\"1 minuutti\">\n<script type=\"application\/ld+json\" class=\"yoast-schema-graph\">{\"@context\":\"https:\/\/schema.org\",\"@graph\":[{\"@type\":\"WebSite\",\"@id\":\"https:\/\/pakkoneuloosi86.blogaaja.fi\/#website\",\"url\":\"https:\/\/pakkoneuloosi86.blogaaja.fi\/\",\"name\":\"Pakkoneulootikon el\\u00e4m\\u00e4\\u00e4\",\"description\":\"Asiasta aidanseip\\u00e4\\u00e4seen ja takasin ;)\",\"potentialAction\":[{\"@type\":\"SearchAction\",\"target\":\"https:\/\/pakkoneuloosi86.blogaaja.fi\/?s={search_term_string}\",\"query-input\":\"required name=search_term_string\"}],\"inLanguage\":\"fi\"},{\"@type\":\"ImageObject\",\"@id\":\"https:\/\/pakkoneuloosi86.blogaaja.fi\/?page_id=655#primaryimage\",\"inLanguage\":\"fi\",\"url\":\"http:\/\/pakkoneuloosi86.blogaaja.fi\/files\/2016\/12\/20161218_191337-265x300.jpg\"},{\"@type\":\"WebPage\",\"@id\":\"https:\/\/pakkoneuloosi86.blogaaja.fi\/?page_id=655#webpage\",\"url\":\"https:\/\/pakkoneuloosi86.blogaaja.fi\/?page_id=655\",\"name\":\"*18.Luukku 18.12.2016 - Pakkoneulootikon el\\u00e4m\\u00e4\\u00e4\",\"isPartOf\":{\"@id\":\"https:\/\/pakkoneuloosi86.blogaaja.fi\/#website\"},\"primaryImageOfPage\":{\"@id\":\"https:\/\/pakkoneuloosi86.blogaaja.fi\/?page_id=655#primaryimage\"},\"datePublished\":\"2016-12-18T17:36:30+00:00\",\"dateModified\":\"2016-12-18T17:36:30+00:00\",\"inLanguage\":\"fi\",\"potentialAction\":[{\"@type\":\"ReadAction\",\"target\":[\"https:\/\/pakkoneuloosi86.blogaaja.fi\/?page_id=655\"]}]}]}<\/script>\n<!-- \/ Yoast SEO plugin. -->","_links":{"self":[{"href":"https:\/\/pakkoneuloosi86.blogaaja.fi\/index.php?rest_route=\/wp\/v2\/pages\/655"}],"collection":[{"href":"https:\/\/pakkoneuloosi86.blogaaja.fi\/index.php?rest_route=\/wp\/v2\/pages"}],"about":[{"href":"https:\/\/pakkoneuloosi86.blogaaja.fi\/index.php?rest_route=\/wp\/v2\/types\/page"}],"author":[{"embeddable":true,"href":"https:\/\/pakkoneuloosi86.blogaaja.fi\/index.php?rest_route=\/wp\/v2\/users\/15737"}],"replies":[{"embeddable":true,"href":"https:\/\/pakkoneuloosi86.blogaaja.fi\/index.php?rest_route=%2Fwp%2Fv2%2Fcomments&post=655"}],"version-history":[{"count":0,"href":"https:\/\/pakkoneuloosi86.blogaaja.fi\/index.php?rest_route=\/wp\/v2\/pages\/655\/revisions"}],"up":[{"embeddable":true,"href":"https:\/\/pakkoneuloosi86.blogaaja.fi\/index.php?rest_route=\/wp\/v2\/pages\/511"}],"wp:attachment":[{"href":"https:\/\/pakkoneuloosi86.blogaaja.fi\/index.php?rest_route=%2Fwp%2Fv2%2Fmedia&parent=655"}],"curies":[{"name":"wp","href":"https:\/\/api.w.org\/{rel}","templated":true}]}}