{"id":609,"date":"2016-12-13T19:39:19","date_gmt":"2016-12-13T17:39:19","guid":{"rendered":"http:\/\/pakkoneuloosi86.blogaaja.fi\/?page_id=609"},"modified":"2016-12-13T19:39:19","modified_gmt":"2016-12-13T17:39:19","slug":"13-luukku-13-12-2016","status":"publish","type":"page","link":"https:\/\/pakkoneuloosi86.blogaaja.fi\/?page_id=609","title":{"rendered":"*13.Luukku 13.12.2016"},"content":{"rendered":"<p><img loading=\"lazy\" class=\"alignnone size-medium wp-image-610\" src=\"http:\/\/pakkoneuloosi86.blogaaja.fi\/files\/2016\/12\/20161213_125631-241x300.jpg\" alt=\"_20161213_125631\" width=\"241\" height=\"300\" srcset=\"https:\/\/pakkoneuloosi86.blogaaja.fi\/files\/2016\/12\/20161213_125631-241x300.jpg 241w, https:\/\/pakkoneuloosi86.blogaaja.fi\/files\/2016\/12\/20161213_125631.jpg 441w\" sizes=\"(max-width: 241px) 100vw, 241px\" \/><\/p>\n<p>T\u00e4m\u00e4n p\u00e4iv\u00e4n pussukan kohalla olin niin tyls\u00e4, et sielt\u00e4 l\u00f6yty vaan pyyhekumeja 3kpl. Ettei tartte aina lainata \u00e4itilt\u00e4 ja hukata lopulta sit\u00e4kin omiensa ohella \ud83d\ude09<\/p>\n<p><img loading=\"lazy\" class=\"alignnone size-medium wp-image-611\" src=\"http:\/\/pakkoneuloosi86.blogaaja.fi\/files\/2016\/12\/20161213_125249-214x300.jpg\" alt=\"_20161213_125249\" width=\"214\" height=\"300\" srcset=\"https:\/\/pakkoneuloosi86.blogaaja.fi\/files\/2016\/12\/20161213_125249-214x300.jpg 214w, https:\/\/pakkoneuloosi86.blogaaja.fi\/files\/2016\/12\/20161213_125249.jpg 374w\" sizes=\"(max-width: 214px) 100vw, 214px\" \/><\/p>\n<p>Onneks poika oli ilonen pelk\u00e4st\u00e4\u00e4n noistakin, kun sai avata ne muovik\u00e4\u00e4reist\u00e4 \ud83d\ude00<\/p>\n<p>Nyt piparipostauksen pariin \ud83d\ude42<\/p>\n<p>&lt;3 \u00a0Heidi<\/p>\n","protected":false},"excerpt":{"rendered":"<p>T\u00e4m\u00e4n p\u00e4iv\u00e4n pussukan kohalla olin niin tyls\u00e4, et sielt\u00e4 l\u00f6yty vaan pyyhekumeja 3kpl. Ettei tartte aina lainata \u00e4itilt\u00e4 ja hukata lopulta sit\u00e4kin omiensa ohella \ud83d\ude09 Onneks poika oli ilonen pelk\u00e4st\u00e4\u00e4n noistakin, kun sai avata ne muovik\u00e4\u00e4reist\u00e4 \ud83d\ude00 Nyt piparipostauksen pariin \ud83d\ude42 &lt;3 \u00a0Heidi<\/p>\n","protected":false},"author":15737,"featured_media":0,"parent":511,"menu_order":13,"comment_status":"open","ping_status":"closed","template":"","meta":[],"yoast_head":"<!-- This site is optimized with the Yoast SEO plugin v15.6.2 - https:\/\/yoast.com\/wordpress\/plugins\/seo\/ -->\n<title>*13.Luukku 13.12.2016 - Pakkoneulootikon el\u00e4m\u00e4\u00e4<\/title>\n<meta name=\"robots\" content=\"index, follow, max-snippet:-1, max-image-preview:large, max-video-preview:-1\" \/>\n<link rel=\"canonical\" href=\"https:\/\/pakkoneuloosi86.blogaaja.fi\/?page_id=609\" \/>\n<meta property=\"og:locale\" content=\"fi_FI\" \/>\n<meta property=\"og:type\" content=\"article\" \/>\n<meta property=\"og:title\" content=\"*13.Luukku 13.12.2016 - Pakkoneulootikon el\u00e4m\u00e4\u00e4\" \/>\n<meta property=\"og:description\" content=\"T\u00e4m\u00e4n p\u00e4iv\u00e4n pussukan kohalla olin niin tyls\u00e4, et sielt\u00e4 l\u00f6yty vaan pyyhekumeja 3kpl. Ettei tartte aina lainata \u00e4itilt\u00e4 ja hukata lopulta sit\u00e4kin omiensa ohella \ud83d\ude09 Onneks poika oli ilonen pelk\u00e4st\u00e4\u00e4n noistakin, kun sai avata ne muovik\u00e4\u00e4reist\u00e4 \ud83d\ude00 Nyt piparipostauksen pariin \ud83d\ude42 &lt;3 \u00a0Heidi\" \/>\n<meta property=\"og:url\" content=\"https:\/\/pakkoneuloosi86.blogaaja.fi\/?page_id=609\" \/>\n<meta property=\"og:site_name\" content=\"Pakkoneulootikon el\u00e4m\u00e4\u00e4\" \/>\n<meta property=\"og:image\" content=\"http:\/\/pakkoneuloosi86.blogaaja.fi\/files\/2016\/12\/20161213_125631-241x300.jpg\" \/>\n<meta name=\"twitter:card\" content=\"summary_large_image\" \/>\n<script type=\"application\/ld+json\" class=\"yoast-schema-graph\">{\"@context\":\"https:\/\/schema.org\",\"@graph\":[{\"@type\":\"WebSite\",\"@id\":\"https:\/\/pakkoneuloosi86.blogaaja.fi\/#website\",\"url\":\"https:\/\/pakkoneuloosi86.blogaaja.fi\/\",\"name\":\"Pakkoneulootikon el\\u00e4m\\u00e4\\u00e4\",\"description\":\"Asiasta aidanseip\\u00e4\\u00e4seen ja takasin ;)\",\"potentialAction\":[{\"@type\":\"SearchAction\",\"target\":\"https:\/\/pakkoneuloosi86.blogaaja.fi\/?s={search_term_string}\",\"query-input\":\"required name=search_term_string\"}],\"inLanguage\":\"fi\"},{\"@type\":\"ImageObject\",\"@id\":\"https:\/\/pakkoneuloosi86.blogaaja.fi\/?page_id=609#primaryimage\",\"inLanguage\":\"fi\",\"url\":\"http:\/\/pakkoneuloosi86.blogaaja.fi\/files\/2016\/12\/20161213_125631-241x300.jpg\"},{\"@type\":\"WebPage\",\"@id\":\"https:\/\/pakkoneuloosi86.blogaaja.fi\/?page_id=609#webpage\",\"url\":\"https:\/\/pakkoneuloosi86.blogaaja.fi\/?page_id=609\",\"name\":\"*13.Luukku 13.12.2016 - Pakkoneulootikon el\\u00e4m\\u00e4\\u00e4\",\"isPartOf\":{\"@id\":\"https:\/\/pakkoneuloosi86.blogaaja.fi\/#website\"},\"primaryImageOfPage\":{\"@id\":\"https:\/\/pakkoneuloosi86.blogaaja.fi\/?page_id=609#primaryimage\"},\"datePublished\":\"2016-12-13T17:39:19+00:00\",\"dateModified\":\"2016-12-13T17:39:19+00:00\",\"inLanguage\":\"fi\",\"potentialAction\":[{\"@type\":\"ReadAction\",\"target\":[\"https:\/\/pakkoneuloosi86.blogaaja.fi\/?page_id=609\"]}]}]}<\/script>\n<!-- \/ Yoast SEO plugin. -->","_links":{"self":[{"href":"https:\/\/pakkoneuloosi86.blogaaja.fi\/index.php?rest_route=\/wp\/v2\/pages\/609"}],"collection":[{"href":"https:\/\/pakkoneuloosi86.blogaaja.fi\/index.php?rest_route=\/wp\/v2\/pages"}],"about":[{"href":"https:\/\/pakkoneuloosi86.blogaaja.fi\/index.php?rest_route=\/wp\/v2\/types\/page"}],"author":[{"embeddable":true,"href":"https:\/\/pakkoneuloosi86.blogaaja.fi\/index.php?rest_route=\/wp\/v2\/users\/15737"}],"replies":[{"embeddable":true,"href":"https:\/\/pakkoneuloosi86.blogaaja.fi\/index.php?rest_route=%2Fwp%2Fv2%2Fcomments&post=609"}],"version-history":[{"count":0,"href":"https:\/\/pakkoneuloosi86.blogaaja.fi\/index.php?rest_route=\/wp\/v2\/pages\/609\/revisions"}],"up":[{"embeddable":true,"href":"https:\/\/pakkoneuloosi86.blogaaja.fi\/index.php?rest_route=\/wp\/v2\/pages\/511"}],"wp:attachment":[{"href":"https:\/\/pakkoneuloosi86.blogaaja.fi\/index.php?rest_route=%2Fwp%2Fv2%2Fmedia&parent=609"}],"curies":[{"name":"wp","href":"https:\/\/api.w.org\/{rel}","templated":true}]}}