{"id":573,"date":"2016-12-09T19:28:52","date_gmt":"2016-12-09T17:28:52","guid":{"rendered":"http:\/\/pakkoneuloosi86.blogaaja.fi\/?page_id=573"},"modified":"2016-12-09T19:28:52","modified_gmt":"2016-12-09T17:28:52","slug":"8-luukku-9-12-2016","status":"publish","type":"page","link":"https:\/\/pakkoneuloosi86.blogaaja.fi\/?page_id=573","title":{"rendered":"*8.Luukku 9.12.2016"},"content":{"rendered":"<p>Eilen oli iltavuoro ja poika iltap\u00e4iv\u00e4n is\u00e4ll\u00e4\u00e4n niin eilen ei luukkua tullu avattua, joten t\u00e4n\u00e4\u00e4n avattiin senkin eest\u00e4 heti aamulla \ud83d\ude00<\/p>\n<p><img loading=\"lazy\" class=\"alignnone size-medium wp-image-574\" src=\"http:\/\/pakkoneuloosi86.blogaaja.fi\/files\/2016\/12\/20161209_153058-252x300.jpg\" alt=\"_20161209_153058\" width=\"252\" height=\"300\" srcset=\"https:\/\/pakkoneuloosi86.blogaaja.fi\/files\/2016\/12\/20161209_153058-252x300.jpg 252w, https:\/\/pakkoneuloosi86.blogaaja.fi\/files\/2016\/12\/20161209_153058.jpg 581w\" sizes=\"(max-width: 252px) 100vw, 252px\" \/><\/p>\n<p>Luukku 8 k\u00e4tki sis\u00e4\u00e4ns\u00e4 kultasia piparkakkutytt\u00f6j\u00e4 \ud83d\ude42<\/p>\n<p><img loading=\"lazy\" class=\"alignnone size-medium wp-image-575\" src=\"http:\/\/pakkoneuloosi86.blogaaja.fi\/files\/2016\/12\/20161209_153220-300x148.jpg\" alt=\"_20161209_153220\" width=\"300\" height=\"148\" srcset=\"https:\/\/pakkoneuloosi86.blogaaja.fi\/files\/2016\/12\/20161209_153220-300x148.jpg 300w, https:\/\/pakkoneuloosi86.blogaaja.fi\/files\/2016\/12\/20161209_153220-768x379.jpg 768w, https:\/\/pakkoneuloosi86.blogaaja.fi\/files\/2016\/12\/20161209_153220.jpg 926w\" sizes=\"(max-width: 300px) 100vw, 300px\" \/><\/p>\n<p>Harmi, et tytteleiss\u00e4 olevat kimalteet ei n\u00e4y kunnolla \ud83d\ude41<\/p>\n<p><img loading=\"lazy\" class=\"alignnone size-medium wp-image-576\" src=\"http:\/\/pakkoneuloosi86.blogaaja.fi\/files\/2016\/12\/20161209_153253-159x300.jpg\" alt=\"_20161209_153253\" width=\"159\" height=\"300\" srcset=\"https:\/\/pakkoneuloosi86.blogaaja.fi\/files\/2016\/12\/20161209_153253-159x300.jpg 159w, https:\/\/pakkoneuloosi86.blogaaja.fi\/files\/2016\/12\/20161209_153253.jpg 421w\" sizes=\"(max-width: 159px) 100vw, 159px\" \/><\/p>\n<p>Sinne kuuseen p\u00e4\u00e4si nekin muiden koristeiden joukkoon \ud83d\ude42 Aina se on yht\u00e4 mukava n\u00e4hd\u00e4 pojan ilo ja j\u00e4nnitys noita pussukoita avatessa \ud83d\ude42<\/p>\n<p>Rauhallista iltaa!<\/p>\n<p>&lt;3 \u00a0Heidi<\/p>\n","protected":false},"excerpt":{"rendered":"<p>Eilen oli iltavuoro ja poika iltap\u00e4iv\u00e4n is\u00e4ll\u00e4\u00e4n niin eilen ei luukkua tullu avattua, joten t\u00e4n\u00e4\u00e4n avattiin senkin eest\u00e4 heti aamulla \ud83d\ude00 Luukku 8 k\u00e4tki sis\u00e4\u00e4ns\u00e4 kultasia piparkakkutytt\u00f6j\u00e4 \ud83d\ude42 Harmi, et tytteleiss\u00e4 olevat kimalteet ei n\u00e4y kunnolla \ud83d\ude41 Sinne kuuseen p\u00e4\u00e4si nekin muiden koristeiden joukkoon \ud83d\ude42 Aina se on yht\u00e4 mukava n\u00e4hd\u00e4 pojan ilo ja j\u00e4nnitys &hellip; <a href=\"https:\/\/pakkoneuloosi86.blogaaja.fi\/?page_id=573\" class=\"more-link\">Jatka artikkeliin <span class=\"screen-reader-text\">*8.Luukku 9.12.2016<\/span><\/a><\/p>\n","protected":false},"author":15737,"featured_media":0,"parent":511,"menu_order":8,"comment_status":"open","ping_status":"closed","template":"","meta":[],"yoast_head":"<!-- This site is optimized with the Yoast SEO plugin v15.6.2 - https:\/\/yoast.com\/wordpress\/plugins\/seo\/ -->\n<title>*8.Luukku 9.12.2016 - Pakkoneulootikon el\u00e4m\u00e4\u00e4<\/title>\n<meta name=\"robots\" content=\"index, follow, max-snippet:-1, max-image-preview:large, max-video-preview:-1\" \/>\n<link rel=\"canonical\" href=\"https:\/\/pakkoneuloosi86.blogaaja.fi\/?page_id=573\" \/>\n<meta property=\"og:locale\" content=\"fi_FI\" \/>\n<meta property=\"og:type\" content=\"article\" \/>\n<meta property=\"og:title\" content=\"*8.Luukku 9.12.2016 - Pakkoneulootikon el\u00e4m\u00e4\u00e4\" \/>\n<meta property=\"og:description\" content=\"Eilen oli iltavuoro ja poika iltap\u00e4iv\u00e4n is\u00e4ll\u00e4\u00e4n niin eilen ei luukkua tullu avattua, joten t\u00e4n\u00e4\u00e4n avattiin senkin eest\u00e4 heti aamulla \ud83d\ude00 Luukku 8 k\u00e4tki sis\u00e4\u00e4ns\u00e4 kultasia piparkakkutytt\u00f6j\u00e4 \ud83d\ude42 Harmi, et tytteleiss\u00e4 olevat kimalteet ei n\u00e4y kunnolla \ud83d\ude41 Sinne kuuseen p\u00e4\u00e4si nekin muiden koristeiden joukkoon \ud83d\ude42 Aina se on yht\u00e4 mukava n\u00e4hd\u00e4 pojan ilo ja j\u00e4nnitys &hellip; Jatka artikkeliin *8.Luukku 9.12.2016\" \/>\n<meta property=\"og:url\" content=\"https:\/\/pakkoneuloosi86.blogaaja.fi\/?page_id=573\" \/>\n<meta property=\"og:site_name\" content=\"Pakkoneulootikon el\u00e4m\u00e4\u00e4\" \/>\n<meta property=\"og:image\" content=\"http:\/\/pakkoneuloosi86.blogaaja.fi\/files\/2016\/12\/20161209_153058-252x300.jpg\" \/>\n<meta name=\"twitter:card\" content=\"summary_large_image\" \/>\n<script type=\"application\/ld+json\" class=\"yoast-schema-graph\">{\"@context\":\"https:\/\/schema.org\",\"@graph\":[{\"@type\":\"WebSite\",\"@id\":\"https:\/\/pakkoneuloosi86.blogaaja.fi\/#website\",\"url\":\"https:\/\/pakkoneuloosi86.blogaaja.fi\/\",\"name\":\"Pakkoneulootikon el\\u00e4m\\u00e4\\u00e4\",\"description\":\"Asiasta aidanseip\\u00e4\\u00e4seen ja takasin ;)\",\"potentialAction\":[{\"@type\":\"SearchAction\",\"target\":\"https:\/\/pakkoneuloosi86.blogaaja.fi\/?s={search_term_string}\",\"query-input\":\"required name=search_term_string\"}],\"inLanguage\":\"fi\"},{\"@type\":\"ImageObject\",\"@id\":\"https:\/\/pakkoneuloosi86.blogaaja.fi\/?page_id=573#primaryimage\",\"inLanguage\":\"fi\",\"url\":\"http:\/\/pakkoneuloosi86.blogaaja.fi\/files\/2016\/12\/20161209_153058-252x300.jpg\"},{\"@type\":\"WebPage\",\"@id\":\"https:\/\/pakkoneuloosi86.blogaaja.fi\/?page_id=573#webpage\",\"url\":\"https:\/\/pakkoneuloosi86.blogaaja.fi\/?page_id=573\",\"name\":\"*8.Luukku 9.12.2016 - Pakkoneulootikon el\\u00e4m\\u00e4\\u00e4\",\"isPartOf\":{\"@id\":\"https:\/\/pakkoneuloosi86.blogaaja.fi\/#website\"},\"primaryImageOfPage\":{\"@id\":\"https:\/\/pakkoneuloosi86.blogaaja.fi\/?page_id=573#primaryimage\"},\"datePublished\":\"2016-12-09T17:28:52+00:00\",\"dateModified\":\"2016-12-09T17:28:52+00:00\",\"inLanguage\":\"fi\",\"potentialAction\":[{\"@type\":\"ReadAction\",\"target\":[\"https:\/\/pakkoneuloosi86.blogaaja.fi\/?page_id=573\"]}]}]}<\/script>\n<!-- \/ Yoast SEO plugin. -->","_links":{"self":[{"href":"https:\/\/pakkoneuloosi86.blogaaja.fi\/index.php?rest_route=\/wp\/v2\/pages\/573"}],"collection":[{"href":"https:\/\/pakkoneuloosi86.blogaaja.fi\/index.php?rest_route=\/wp\/v2\/pages"}],"about":[{"href":"https:\/\/pakkoneuloosi86.blogaaja.fi\/index.php?rest_route=\/wp\/v2\/types\/page"}],"author":[{"embeddable":true,"href":"https:\/\/pakkoneuloosi86.blogaaja.fi\/index.php?rest_route=\/wp\/v2\/users\/15737"}],"replies":[{"embeddable":true,"href":"https:\/\/pakkoneuloosi86.blogaaja.fi\/index.php?rest_route=%2Fwp%2Fv2%2Fcomments&post=573"}],"version-history":[{"count":0,"href":"https:\/\/pakkoneuloosi86.blogaaja.fi\/index.php?rest_route=\/wp\/v2\/pages\/573\/revisions"}],"up":[{"embeddable":true,"href":"https:\/\/pakkoneuloosi86.blogaaja.fi\/index.php?rest_route=\/wp\/v2\/pages\/511"}],"wp:attachment":[{"href":"https:\/\/pakkoneuloosi86.blogaaja.fi\/index.php?rest_route=%2Fwp%2Fv2%2Fmedia&parent=573"}],"curies":[{"name":"wp","href":"https:\/\/api.w.org\/{rel}","templated":true}]}}