{"id":479,"date":"2016-11-27T14:12:34","date_gmt":"2016-11-27T12:12:34","guid":{"rendered":"http:\/\/pakkoneuloosi86.blogaaja.fi\/?page_id=479"},"modified":"2016-12-01T07:09:53","modified_gmt":"2016-12-01T05:09:53","slug":"olga-sukat-27-11-2016","status":"publish","type":"page","link":"https:\/\/pakkoneuloosi86.blogaaja.fi\/?page_id=479","title":{"rendered":"-Olga-sukat 27.11.2016"},"content":{"rendered":"<p>Tulipa vihdoin ja viimein valmiiks Olga-sukat \ud83d\ude42<\/p>\n<p><img loading=\"lazy\" class=\"alignnone size-medium wp-image-480\" src=\"http:\/\/pakkoneuloosi86.blogaaja.fi\/files\/2016\/11\/20161127_134954-202x300.jpg\" alt=\"_20161127_134954\" width=\"202\" height=\"300\" srcset=\"https:\/\/pakkoneuloosi86.blogaaja.fi\/files\/2016\/11\/20161127_134954-202x300.jpg 202w, https:\/\/pakkoneuloosi86.blogaaja.fi\/files\/2016\/11\/20161127_134954.jpg 555w\" sizes=\"(max-width: 202px) 100vw, 202px\" \/><\/p>\n<p>Ohjeen l\u00f6yd\u00e4t esimerkiks t\u00e4\u00e4lt\u00e4;\u00a0<a href=\"http:\/\/pappilanelamaa.blogspot.fi\/2014\/02\/olga-sukat-ohjeineen.html\">http:\/\/pappilanelamaa.blogspot.fi\/2014\/02\/olga-sukat-<\/a><a href=\"http:\/\/pappilanelamaa.blogspot.fi\/2014\/02\/olga-sukat-ohjeineen.html\">ohjeineen.html<\/a><\/p>\n<p><img loading=\"lazy\" class=\"alignnone size-medium wp-image-482\" src=\"http:\/\/pakkoneuloosi86.blogaaja.fi\/files\/2016\/11\/20161127_134740-147x300.jpg\" alt=\"_20161127_134740\" width=\"147\" height=\"300\" srcset=\"https:\/\/pakkoneuloosi86.blogaaja.fi\/files\/2016\/11\/20161127_134740-147x300.jpg 147w, https:\/\/pakkoneuloosi86.blogaaja.fi\/files\/2016\/11\/20161127_134740.jpg 498w\" sizes=\"(max-width: 147px) 100vw, 147px\" \/><\/p>\n<p>Ite k\u00e4ytin jotain vanhaa k\u00e4tk\u00f6ist\u00e4 kaivettua 7 veljest\u00e4 lankaa ja cubicsin puikkoja kokoa 3,5. Ohjekkin oli mulla ollu jo vaikka kuinka kauan, kunnes vihdoin p\u00e4\u00e4sin sukkia tekem\u00e4\u00e4n. Perinteisi\u00e4 sukkia oon neulonu niin monet, ett\u00e4 nyky\u00e4\u00e4n on kiva teh\u00e4 joka kerta erilaiset sukat \ud83d\ude42 tuo vaihtelua eik\u00e4 p\u00e4\u00e4se tylsistym\u00e4\u00e4nk\u00e4\u00e4n \ud83d\ude42<\/p>\n<p><img loading=\"lazy\" class=\"alignnone size-medium wp-image-481\" src=\"http:\/\/pakkoneuloosi86.blogaaja.fi\/files\/2016\/11\/20161127_134905-176x300.jpg\" alt=\"_20161127_134905\" width=\"176\" height=\"300\" srcset=\"https:\/\/pakkoneuloosi86.blogaaja.fi\/files\/2016\/11\/20161127_134905-176x300.jpg 176w, https:\/\/pakkoneuloosi86.blogaaja.fi\/files\/2016\/11\/20161127_134905.jpg 602w\" sizes=\"(max-width: 176px) 100vw, 176px\" \/><\/p>\n<p>Ite tein 15krs 2o2n joustinneuletta nilkan kohalle. Jos auttas sukkaa pysym\u00e4\u00e4n v\u00e4h\u00e4n paremmin jalassa. Ja kantap\u00e4\u00e4n neuloin vahvistettuna. Ohjeita kantap\u00e4\u00e4n tekoon:\u00a0<a href=\"https:\/\/www.yhteishyva.fi\/arjen-apu\/villasukan-kantapaa--kolme-ohjetta\/0577624\">https:\/\/www.yhteishyva.fi\/arjen-apu\/villasukan-kantapaa&#8211;kolme-ohjetta\/0577624<\/a>\u00a0Itte aina kantalappua neuloessa neulon sen ekan silmukankin, vaikka ohjeissa k\u00e4sket\u00e4\u00e4n nostamaan neulomatta. Reunasta tulee mun mielest\u00e4 siistimpi ja napakampi, kun neuloo ekan silmukan aina.<\/p>\n<p><img loading=\"lazy\" class=\"alignnone size-medium wp-image-483\" src=\"http:\/\/pakkoneuloosi86.blogaaja.fi\/files\/2016\/11\/20161127_134620-300x144.jpg\" alt=\"_20161127_134620\" width=\"300\" height=\"144\" srcset=\"https:\/\/pakkoneuloosi86.blogaaja.fi\/files\/2016\/11\/20161127_134620-300x144.jpg 300w, https:\/\/pakkoneuloosi86.blogaaja.fi\/files\/2016\/11\/20161127_134620-768x369.jpg 768w, https:\/\/pakkoneuloosi86.blogaaja.fi\/files\/2016\/11\/20161127_134620.jpg 1024w\" sizes=\"(max-width: 300px) 100vw, 300px\" \/><\/p>\n<p>Jalkater\u00e4\u00e4n jatkoin p\u00e4\u00e4lle 2o2n joustinneuletta. Antaa mun mielest\u00e4 napakkuutta jalkater\u00e4\u00e4n ja omalta osaltaan edesauttaa sukan pysymist\u00e4 jalassa \ud83d\ude42<\/p>\n<p><img loading=\"lazy\" class=\"alignnone size-medium wp-image-484\" src=\"http:\/\/pakkoneuloosi86.blogaaja.fi\/files\/2016\/11\/20161127_134656-186x300.jpg\" alt=\"_20161127_134656\" width=\"186\" height=\"300\" srcset=\"https:\/\/pakkoneuloosi86.blogaaja.fi\/files\/2016\/11\/20161127_134656-186x300.jpg 186w, https:\/\/pakkoneuloosi86.blogaaja.fi\/files\/2016\/11\/20161127_134656.jpg 448w\" sizes=\"(max-width: 186px) 100vw, 186px\" \/><\/p>\n<p>Jalkater\u00e4n kavennukset tein niin, ett\u00e4 puikon kaks keskimm\u00e4ist\u00e4 silmukkaa neuloin oikein yhteen takareunoistaan ja puikon viimeset kaks silmukkaa oikein yhteen takareunoistaan. Kun kerros on kavennettu loppuun niin sen j\u00e4lkeen niin monta kerrosta oikeaa, kun kavennuskohtien v\u00e4liin j\u00e4i silmukoita. Ja taas kavennukset. Eli t\u00e4ss\u00e4 tapauksessa meni n\u00e4in:<\/p>\n<p>Neulo 5s oikein. Neulo 2o yhteen takareunoista. Neulo 5s oikein. Neulo puikon viimeset 2s oikein yhteen takareunoista. Neulo kerros loppuun. Sen j\u00e4lkeen neulo 5krs oikein.<\/p>\n<p>Nyt neulo 4s oikein. Neulo 2o yhteen takareunoista. Neulo 4s oikein. Ja puikon viimeset 2s oikein yhteen takareunoista. Tee kerros loppuun. Neulo 4krs oikein.<\/p>\n<p>Neulo 3s oikein. Ja taas kavennat niinkun edell\u00e4. Neulo 3s oikein ja kavenna puikon viimeset silmukat. Neulo kerros loppuun. Neulo 3krs oikein jne.<\/p>\n<p>Varmaan saitte jujusta kiinni. Kun joka puikolla on 4s, neulo koko kerros 2o yhten takareunoista. J\u00e4ljelle j\u00e4\u00e4 8s. Katkase lanka ja ved\u00e4 silmukoiden l\u00e4pi se langanp\u00e4tk\u00e4 ja p\u00e4\u00e4ttele.<\/p>\n<p>Pakkohan noita ei o takareunoista yhteen kaventaa vaan jokainen voi teh\u00e4 semmosen kavennuksen kun haluaa. Mun mielest\u00e4 itte \u00a0vaan saan tiukemmat ja siistimm\u00e4t kavennukset noin \ud83d\ude42 mut tapansa kullakin.. Sano p\u00e4ssi ku p\u00e4\u00e4t\u00e4 leikattiin \ud83d\ude09<\/p>\n<p>Neulomisen iloa!<\/p>\n<p>&lt;3 Heidi<\/p>\n","protected":false},"excerpt":{"rendered":"<p>Tulipa vihdoin ja viimein valmiiks Olga-sukat \ud83d\ude42 Ohjeen l\u00f6yd\u00e4t esimerkiks t\u00e4\u00e4lt\u00e4;\u00a0http:\/\/pappilanelamaa.blogspot.fi\/2014\/02\/olga-sukat-ohjeineen.html Ite k\u00e4ytin jotain vanhaa k\u00e4tk\u00f6ist\u00e4 kaivettua 7 veljest\u00e4 lankaa ja cubicsin puikkoja kokoa 3,5. Ohjekkin oli mulla ollu jo vaikka kuinka kauan, kunnes vihdoin p\u00e4\u00e4sin sukkia tekem\u00e4\u00e4n. Perinteisi\u00e4 sukkia oon neulonu niin monet, ett\u00e4 nyky\u00e4\u00e4n on kiva teh\u00e4 joka kerta erilaiset sukat \ud83d\ude42 tuo &hellip; <a href=\"https:\/\/pakkoneuloosi86.blogaaja.fi\/?page_id=479\" class=\"more-link\">Jatka artikkeliin <span class=\"screen-reader-text\">-Olga-sukat 27.11.2016<\/span><\/a><\/p>\n","protected":false},"author":15737,"featured_media":0,"parent":267,"menu_order":2,"comment_status":"closed","ping_status":"closed","template":"","meta":[],"yoast_head":"<!-- This site is optimized with the Yoast SEO plugin v15.6.2 - https:\/\/yoast.com\/wordpress\/plugins\/seo\/ -->\n<title>-Olga-sukat 27.11.2016 - Pakkoneulootikon el\u00e4m\u00e4\u00e4<\/title>\n<meta name=\"robots\" content=\"index, follow, max-snippet:-1, max-image-preview:large, max-video-preview:-1\" \/>\n<link rel=\"canonical\" href=\"https:\/\/pakkoneuloosi86.blogaaja.fi\/?page_id=479\" \/>\n<meta property=\"og:locale\" content=\"fi_FI\" \/>\n<meta property=\"og:type\" content=\"article\" \/>\n<meta property=\"og:title\" content=\"-Olga-sukat 27.11.2016 - Pakkoneulootikon el\u00e4m\u00e4\u00e4\" \/>\n<meta property=\"og:description\" content=\"Tulipa vihdoin ja viimein valmiiks Olga-sukat \ud83d\ude42 Ohjeen l\u00f6yd\u00e4t esimerkiks t\u00e4\u00e4lt\u00e4;\u00a0http:\/\/pappilanelamaa.blogspot.fi\/2014\/02\/olga-sukat-ohjeineen.html Ite k\u00e4ytin jotain vanhaa k\u00e4tk\u00f6ist\u00e4 kaivettua 7 veljest\u00e4 lankaa ja cubicsin puikkoja kokoa 3,5. Ohjekkin oli mulla ollu jo vaikka kuinka kauan, kunnes vihdoin p\u00e4\u00e4sin sukkia tekem\u00e4\u00e4n. Perinteisi\u00e4 sukkia oon neulonu niin monet, ett\u00e4 nyky\u00e4\u00e4n on kiva teh\u00e4 joka kerta erilaiset sukat \ud83d\ude42 tuo &hellip; Jatka artikkeliin -Olga-sukat 27.11.2016\" \/>\n<meta property=\"og:url\" content=\"https:\/\/pakkoneuloosi86.blogaaja.fi\/?page_id=479\" \/>\n<meta property=\"og:site_name\" content=\"Pakkoneulootikon el\u00e4m\u00e4\u00e4\" \/>\n<meta property=\"article:modified_time\" content=\"2016-12-01T05:09:53+00:00\" \/>\n<meta property=\"og:image\" content=\"http:\/\/pakkoneuloosi86.blogaaja.fi\/files\/2016\/11\/20161127_134954-202x300.jpg\" \/>\n<meta name=\"twitter:card\" content=\"summary_large_image\" \/>\n<meta name=\"twitter:label1\" content=\"Est. reading time\">\n\t<meta name=\"twitter:data1\" content=\"2 minuuttia\">\n<script type=\"application\/ld+json\" class=\"yoast-schema-graph\">{\"@context\":\"https:\/\/schema.org\",\"@graph\":[{\"@type\":\"WebSite\",\"@id\":\"https:\/\/pakkoneuloosi86.blogaaja.fi\/#website\",\"url\":\"https:\/\/pakkoneuloosi86.blogaaja.fi\/\",\"name\":\"Pakkoneulootikon el\\u00e4m\\u00e4\\u00e4\",\"description\":\"Asiasta aidanseip\\u00e4\\u00e4seen ja takasin ;)\",\"potentialAction\":[{\"@type\":\"SearchAction\",\"target\":\"https:\/\/pakkoneuloosi86.blogaaja.fi\/?s={search_term_string}\",\"query-input\":\"required name=search_term_string\"}],\"inLanguage\":\"fi\"},{\"@type\":\"ImageObject\",\"@id\":\"https:\/\/pakkoneuloosi86.blogaaja.fi\/?page_id=479#primaryimage\",\"inLanguage\":\"fi\",\"url\":\"http:\/\/pakkoneuloosi86.blogaaja.fi\/files\/2016\/11\/20161127_134954-202x300.jpg\"},{\"@type\":\"WebPage\",\"@id\":\"https:\/\/pakkoneuloosi86.blogaaja.fi\/?page_id=479#webpage\",\"url\":\"https:\/\/pakkoneuloosi86.blogaaja.fi\/?page_id=479\",\"name\":\"-Olga-sukat 27.11.2016 - Pakkoneulootikon el\\u00e4m\\u00e4\\u00e4\",\"isPartOf\":{\"@id\":\"https:\/\/pakkoneuloosi86.blogaaja.fi\/#website\"},\"primaryImageOfPage\":{\"@id\":\"https:\/\/pakkoneuloosi86.blogaaja.fi\/?page_id=479#primaryimage\"},\"datePublished\":\"2016-11-27T12:12:34+00:00\",\"dateModified\":\"2016-12-01T05:09:53+00:00\",\"inLanguage\":\"fi\",\"potentialAction\":[{\"@type\":\"ReadAction\",\"target\":[\"https:\/\/pakkoneuloosi86.blogaaja.fi\/?page_id=479\"]}]}]}<\/script>\n<!-- \/ Yoast SEO plugin. -->","_links":{"self":[{"href":"https:\/\/pakkoneuloosi86.blogaaja.fi\/index.php?rest_route=\/wp\/v2\/pages\/479"}],"collection":[{"href":"https:\/\/pakkoneuloosi86.blogaaja.fi\/index.php?rest_route=\/wp\/v2\/pages"}],"about":[{"href":"https:\/\/pakkoneuloosi86.blogaaja.fi\/index.php?rest_route=\/wp\/v2\/types\/page"}],"author":[{"embeddable":true,"href":"https:\/\/pakkoneuloosi86.blogaaja.fi\/index.php?rest_route=\/wp\/v2\/users\/15737"}],"replies":[{"embeddable":true,"href":"https:\/\/pakkoneuloosi86.blogaaja.fi\/index.php?rest_route=%2Fwp%2Fv2%2Fcomments&post=479"}],"version-history":[{"count":0,"href":"https:\/\/pakkoneuloosi86.blogaaja.fi\/index.php?rest_route=\/wp\/v2\/pages\/479\/revisions"}],"up":[{"embeddable":true,"href":"https:\/\/pakkoneuloosi86.blogaaja.fi\/index.php?rest_route=\/wp\/v2\/pages\/267"}],"wp:attachment":[{"href":"https:\/\/pakkoneuloosi86.blogaaja.fi\/index.php?rest_route=%2Fwp%2Fv2%2Fmedia&parent=479"}],"curies":[{"name":"wp","href":"https:\/\/api.w.org\/{rel}","templated":true}]}}