{"id":305,"date":"2016-11-18T19:35:43","date_gmt":"2016-11-18T17:35:43","guid":{"rendered":"http:\/\/pakkoneuloosi86.blogaaja.fi\/?page_id=305"},"modified":"2016-12-01T07:08:45","modified_gmt":"2016-12-01T05:08:45","slug":"kirjojen-lukeminen","status":"publish","type":"page","link":"https:\/\/pakkoneuloosi86.blogaaja.fi\/?page_id=305","title":{"rendered":"-Kirjojen lukeminen :) 18.11.2016"},"content":{"rendered":"<p>Tulipa t\u00e4ss\u00e4 mieleen, ett\u00e4 mit\u00e4 teid\u00e4n perheess\u00e4 luetaan lapsille? \ud83d\ude42 Meill\u00e4 on nyt tyk\u00e4stytty Risto R\u00e4pp\u00e4\u00e4j\u00e4 kirjoihin. Ensimm\u00e4inen kirja &#8211; Hetki ly\u00f6, Risto R\u00e4pp\u00e4\u00e4j\u00e4, on nyt luettu ja eilen alotettiin Risto R\u00e4pp\u00e4\u00e4j\u00e4 ja kauhea makkara- kirja. En tii\u00e4 mik\u00e4 tossa kirjassa on, mutta hajoilen koko ajan. Etenkin kirjan alussa, kun Riston Rauha-t\u00e4ti harkitsee myyv\u00e4ns\u00e4 makkaraa puhelimen v\u00e4lityksell\u00e4. Rauha l\u00e4hett\u00e4\u00e4 Riston lihakauppaan hakemaan mit\u00e4 tahansa hyvin s\u00e4ilyv\u00e4\u00e4 makkaraa. Risto tuo makkaran jolla n\u00e4ytt\u00e4\u00e4 olevan rokko, makkara on viherpippurimakkara. Rauha ei voi siet\u00e4\u00e4 koko makkaraa ja pyyt\u00e4\u00e4 Ristoa piilottamaan sen. Risto piilottaa makkaran kylpyammeeseen ja hyv\u00e4\u00e4 hyvyytt\u00e4\u00e4n hetke\u00e4 my\u00f6hemmin Rauhan pyynn\u00f6st\u00e4 laskee vaahtokylvyn, ottamatta makkaraa ammeesta. Rauha ei tii\u00e4, ett\u00e4 makkara on ammeessa. Kun Rauha lopulta tajuaa kylpev\u00e4ns\u00e4 makkaran kanssa;<\/p>\n<p>&#8221; Samassa viherpippurimakkara pomppasi pintaan. Rauha kirkui. H\u00e4n nousi yl\u00f6s, niin ett\u00e4 vesi loiskahti yli ammeen ja makkara putosi lattialle. Rauha tarttui sampoopulloon ja hakkasi makkaraa raivoisasti. &#8211; T\u00e4st\u00e4 saat! Rauha huusi. Sitten h\u00e4n heitti makkaran muovivatiin.&#8221;<\/p>\n<p>Ja lopulta, kun Rauha linkasi sen makkaran parvekkeen reunan yli naapurin nen\u00e4n eteen, nauroin niin tajuttomasti, ett\u00e4 kyyneleet valu silmist\u00e4 ja oli vaikeeta saada jatkettua lukemista. Poika katto minuu ja kysy: &#8221; \u00c4iti itketk\u00f6 vai nauratko sin\u00e4?&#8221; \ud83d\ude00 Ja kiikutti paperia mill\u00e4 pyyhki\u00e4 m\u00e4r\u00e4t silm\u00e4t.<\/p>\n<p><img loading=\"lazy\" class=\"alignnone size-medium wp-image-419\" src=\"http:\/\/pakkoneuloosi86.blogaaja.fi\/files\/2016\/11\/20161118_183646-241x300.jpg\" alt=\"_20161118_183646\" width=\"241\" height=\"300\" srcset=\"https:\/\/pakkoneuloosi86.blogaaja.fi\/files\/2016\/11\/20161118_183646-241x300.jpg 241w, https:\/\/pakkoneuloosi86.blogaaja.fi\/files\/2016\/11\/20161118_183646.jpg 657w\" sizes=\"(max-width: 241px) 100vw, 241px\" \/><\/p>\n<p>Kirjassa Risto ja Rauha suuntaavat Budapestiin makkaraostoksille, eik\u00e4 kommelluksilta v\u00e4ltyt\u00e4. Laatuviihdett\u00e4 lapsille ja lapsenmielisille \ud83d\ude09 T\u00e4n\u00e4\u00e4n hain t\u00f6ist\u00e4 tullessa kirjastosta kolme seuraavaa Risto R\u00e4pp\u00e4\u00e4j\u00e4\u00e4; Risto R\u00e4pp\u00e4\u00e4j\u00e4 ja Nuudelip\u00e4\u00e4, Risto R\u00e4pp\u00e4\u00e4j\u00e4 ja Pakastaja-Elvi, sek\u00e4 Risto R\u00e4pp\u00e4\u00e4j\u00e4 ja komea Kullervo, jotka olin eilen varannut. Nopeeta toimintaa kirjastolta, tykk\u00e4\u00e4n \ud83d\ude42 Lienee kirjojen j\u00e4lkeen alettava kattomaan Risto R\u00e4pp\u00e4\u00e4j\u00e4 elokuvia \ud83d\ude42<\/p>\n<p>Risto R\u00e4pp\u00e4\u00e4j\u00e4n lis\u00e4ks meill\u00e4 luetaan oikeestaan aika kaikenlaisia satuja. Iltasatu on pojalla ihan ehdoton, joka ilta h\u00e4n varmistaa, ett\u00e4 luetaanhan se satu ja ett\u00e4 kuka sen lukee. K\u00e4yd\u00e4\u00e4n my\u00f6s paljon kirjastossa sen lis\u00e4ks, ett\u00e4 omasta hyllyst\u00e4 l\u00f6ytyy paljon kirjoja. Nykysen parisuhteen my\u00f6t\u00e4 aloin itekkin k\u00e4ym\u00e4\u00e4n pitk\u00e4st\u00e4 aikaa kirjastossa, nimenomaan pojan ja avopuolison kanssa, itte ei tuu kauheesti t\u00e4ll\u00e4 hetkell\u00e4 luettua. Blogin parissa, askartelun ja k\u00e4sit\u00f6iden kanssa ylij\u00e4\u00e4v\u00e4 aika menee suurimmaks osaks. Eik\u00e4 sit\u00e4 ylij\u00e4\u00e4v\u00e4\u00e4 aikaa kyll\u00e4 kauheesti j\u00e4\u00e4 \ud83d\ude00<\/p>\n<p>Ite oon pyrkiny siihen, ett\u00e4 aina kun poika pyyt\u00e4\u00e4 lukemaan, niin luen h\u00e4lle. Is\u00e4ns\u00e4 luona ei kuulemma kirjoja ole, niin kerran sinne l\u00e4htiess\u00e4\u00e4n pakkasin pojalle kasan kirjoja mukaan, ett\u00e4 olis siell\u00e4kin sit kirjoja mit\u00e4 katsella. Poika oli huolissaan, ett\u00e4 jos ne j\u00e4\u00e4 sinne. Totesin, ettei se haittaa, koska t\u00e4\u00e4ll\u00e4 \u00a0kotona on paljon kirjoja kuitenkin. Ja nyt poika on tyytyv\u00e4inen, kun is\u00e4nkin luona on omia tuttuja kirjoja.<\/p>\n<p>Lyhyesti tiivistettyn\u00e4: Lukekaa lapsille \ud83d\ude42 ja lukekaa ittekkin &lt;3<\/p>\n<p>&lt;3 Heidi<\/p>\n<p>&nbsp;<\/p>\n","protected":false},"excerpt":{"rendered":"<p>Tulipa t\u00e4ss\u00e4 mieleen, ett\u00e4 mit\u00e4 teid\u00e4n perheess\u00e4 luetaan lapsille? \ud83d\ude42 Meill\u00e4 on nyt tyk\u00e4stytty Risto R\u00e4pp\u00e4\u00e4j\u00e4 kirjoihin. Ensimm\u00e4inen kirja &#8211; Hetki ly\u00f6, Risto R\u00e4pp\u00e4\u00e4j\u00e4, on nyt luettu ja eilen alotettiin Risto R\u00e4pp\u00e4\u00e4j\u00e4 ja kauhea makkara- kirja. En tii\u00e4 mik\u00e4 tossa kirjassa on, mutta hajoilen koko ajan. Etenkin kirjan alussa, kun Riston Rauha-t\u00e4ti harkitsee myyv\u00e4ns\u00e4 makkaraa &hellip; <a href=\"https:\/\/pakkoneuloosi86.blogaaja.fi\/?page_id=305\" class=\"more-link\">Jatka artikkeliin <span class=\"screen-reader-text\">-Kirjojen lukeminen \ud83d\ude42 18.11.2016<\/span><\/a><\/p>\n","protected":false},"author":15737,"featured_media":0,"parent":232,"menu_order":5,"comment_status":"open","ping_status":"closed","template":"","meta":[],"yoast_head":"<!-- This site is optimized with the Yoast SEO plugin v15.6.2 - https:\/\/yoast.com\/wordpress\/plugins\/seo\/ -->\n<title>-Kirjojen lukeminen :) 18.11.2016 - Pakkoneulootikon el\u00e4m\u00e4\u00e4<\/title>\n<meta name=\"robots\" content=\"index, follow, max-snippet:-1, max-image-preview:large, max-video-preview:-1\" \/>\n<link rel=\"canonical\" href=\"https:\/\/pakkoneuloosi86.blogaaja.fi\/?page_id=305\" \/>\n<meta property=\"og:locale\" content=\"fi_FI\" \/>\n<meta property=\"og:type\" content=\"article\" \/>\n<meta property=\"og:title\" content=\"-Kirjojen lukeminen :) 18.11.2016 - Pakkoneulootikon el\u00e4m\u00e4\u00e4\" \/>\n<meta property=\"og:description\" content=\"Tulipa t\u00e4ss\u00e4 mieleen, ett\u00e4 mit\u00e4 teid\u00e4n perheess\u00e4 luetaan lapsille? \ud83d\ude42 Meill\u00e4 on nyt tyk\u00e4stytty Risto R\u00e4pp\u00e4\u00e4j\u00e4 kirjoihin. Ensimm\u00e4inen kirja &#8211; Hetki ly\u00f6, Risto R\u00e4pp\u00e4\u00e4j\u00e4, on nyt luettu ja eilen alotettiin Risto R\u00e4pp\u00e4\u00e4j\u00e4 ja kauhea makkara- kirja. En tii\u00e4 mik\u00e4 tossa kirjassa on, mutta hajoilen koko ajan. Etenkin kirjan alussa, kun Riston Rauha-t\u00e4ti harkitsee myyv\u00e4ns\u00e4 makkaraa &hellip; Jatka artikkeliin -Kirjojen lukeminen :) 18.11.2016\" \/>\n<meta property=\"og:url\" content=\"https:\/\/pakkoneuloosi86.blogaaja.fi\/?page_id=305\" \/>\n<meta property=\"og:site_name\" content=\"Pakkoneulootikon el\u00e4m\u00e4\u00e4\" \/>\n<meta property=\"article:modified_time\" content=\"2016-12-01T05:08:45+00:00\" \/>\n<meta property=\"og:image\" content=\"http:\/\/pakkoneuloosi86.blogaaja.fi\/files\/2016\/11\/20161118_183646-241x300.jpg\" \/>\n<meta name=\"twitter:card\" content=\"summary_large_image\" \/>\n<meta name=\"twitter:label1\" content=\"Est. reading time\">\n\t<meta name=\"twitter:data1\" content=\"2 minuuttia\">\n<script type=\"application\/ld+json\" class=\"yoast-schema-graph\">{\"@context\":\"https:\/\/schema.org\",\"@graph\":[{\"@type\":\"WebSite\",\"@id\":\"https:\/\/pakkoneuloosi86.blogaaja.fi\/#website\",\"url\":\"https:\/\/pakkoneuloosi86.blogaaja.fi\/\",\"name\":\"Pakkoneulootikon el\\u00e4m\\u00e4\\u00e4\",\"description\":\"Asiasta aidanseip\\u00e4\\u00e4seen ja takasin ;)\",\"potentialAction\":[{\"@type\":\"SearchAction\",\"target\":\"https:\/\/pakkoneuloosi86.blogaaja.fi\/?s={search_term_string}\",\"query-input\":\"required name=search_term_string\"}],\"inLanguage\":\"fi\"},{\"@type\":\"ImageObject\",\"@id\":\"https:\/\/pakkoneuloosi86.blogaaja.fi\/?page_id=305#primaryimage\",\"inLanguage\":\"fi\",\"url\":\"http:\/\/pakkoneuloosi86.blogaaja.fi\/files\/2016\/11\/20161118_183646-241x300.jpg\"},{\"@type\":\"WebPage\",\"@id\":\"https:\/\/pakkoneuloosi86.blogaaja.fi\/?page_id=305#webpage\",\"url\":\"https:\/\/pakkoneuloosi86.blogaaja.fi\/?page_id=305\",\"name\":\"-Kirjojen lukeminen :) 18.11.2016 - Pakkoneulootikon el\\u00e4m\\u00e4\\u00e4\",\"isPartOf\":{\"@id\":\"https:\/\/pakkoneuloosi86.blogaaja.fi\/#website\"},\"primaryImageOfPage\":{\"@id\":\"https:\/\/pakkoneuloosi86.blogaaja.fi\/?page_id=305#primaryimage\"},\"datePublished\":\"2016-11-18T17:35:43+00:00\",\"dateModified\":\"2016-12-01T05:08:45+00:00\",\"inLanguage\":\"fi\",\"potentialAction\":[{\"@type\":\"ReadAction\",\"target\":[\"https:\/\/pakkoneuloosi86.blogaaja.fi\/?page_id=305\"]}]}]}<\/script>\n<!-- \/ Yoast SEO plugin. -->","_links":{"self":[{"href":"https:\/\/pakkoneuloosi86.blogaaja.fi\/index.php?rest_route=\/wp\/v2\/pages\/305"}],"collection":[{"href":"https:\/\/pakkoneuloosi86.blogaaja.fi\/index.php?rest_route=\/wp\/v2\/pages"}],"about":[{"href":"https:\/\/pakkoneuloosi86.blogaaja.fi\/index.php?rest_route=\/wp\/v2\/types\/page"}],"author":[{"embeddable":true,"href":"https:\/\/pakkoneuloosi86.blogaaja.fi\/index.php?rest_route=\/wp\/v2\/users\/15737"}],"replies":[{"embeddable":true,"href":"https:\/\/pakkoneuloosi86.blogaaja.fi\/index.php?rest_route=%2Fwp%2Fv2%2Fcomments&post=305"}],"version-history":[{"count":0,"href":"https:\/\/pakkoneuloosi86.blogaaja.fi\/index.php?rest_route=\/wp\/v2\/pages\/305\/revisions"}],"up":[{"embeddable":true,"href":"https:\/\/pakkoneuloosi86.blogaaja.fi\/index.php?rest_route=\/wp\/v2\/pages\/232"}],"wp:attachment":[{"href":"https:\/\/pakkoneuloosi86.blogaaja.fi\/index.php?rest_route=%2Fwp%2Fv2%2Fmedia&parent=305"}],"curies":[{"name":"wp","href":"https:\/\/api.w.org\/{rel}","templated":true}]}}