{"id":259,"date":"2016-11-13T22:04:29","date_gmt":"2016-11-13T20:04:29","guid":{"rendered":"http:\/\/pakkoneuloosi86.blogaaja.fi\/?page_id=259"},"modified":"2016-12-01T07:10:50","modified_gmt":"2016-12-01T05:10:50","slug":"blogin-muokkausta-13-11-2016","status":"publish","type":"page","link":"https:\/\/pakkoneuloosi86.blogaaja.fi\/?page_id=259","title":{"rendered":"-Blogin muokkausta :) 13.11.2016"},"content":{"rendered":"<p>Kuten varmaan moni aiemmin sivulla vieraillut n\u00e4kee, niin sivun ulkon\u00e4k\u00f6 on muuttunu t\u00e4n illan aikana \ud83d\ude42 Koin aiemman sivun\u00e4kym\u00e4n omasta mielest\u00e4ni tosi turhauttavaksi, koska olin vaan luonut kategorioita, joihin kirjotin artikkeleita. En saanu niit\u00e4 mitenk\u00e4n j\u00e4rkev\u00e4sti niin, ett\u00e4 olis selkeesti n\u00e4kynyt mit\u00e4 mik\u00e4kin postaus koski tai ett\u00e4 olis pystyny valikoimaan jonkun tietyn kirjotuksen. Kun avasit esim. Jouluh\u00f6mp\u00f6tys-kategorian, joutu rullaamaan kaikki kirjotukset l\u00e4pi. Joten n\u00e4in illan ratoksi sitten pisti uusiks koko sivun ja aiemmat kirjotukset l\u00f6ytyy edelleen t\u00e4\u00e4lt\u00e4, jouduin niihin kyll\u00e4 lis\u00e4\u00e4m\u00e4\u00e4n per\u00e4\u00e4n p\u00e4iv\u00e4m\u00e4\u00e4r\u00e4t, kun olis antanu kaikkii julkasup\u00e4iv\u00e4ks t\u00e4n p\u00e4iv\u00e4m\u00e4\u00e4r\u00e4n \ud83d\ude42<\/p>\n<p>Riippuen paljolti toki siit\u00e4 mill\u00e4 sivuja selaat, tietokoneella, tabletilla vaiko puhelimella, niin n\u00e4kym\u00e4 voi olla v\u00e4h\u00e4n erilainen \ud83d\ude42 Nyt ainakin kommenttien j\u00e4tt\u00e4minen heti postauksen per\u00e4\u00e4n on helpompaa ja voit tosiaan valita mink\u00e4 postauksen haluat lukea \ud83d\ude42 Edelleen uusin postaus nousee ensimm\u00e4iseksi \ud83d\ude42 Itse olen hyvinkin tyytyv\u00e4inen nyt uuteen ulkon\u00e4k\u00f6\u00f6n blogissa \ud83d\ude42<\/p>\n<p>Lukemisen iloa, j\u00e4t\u00e4 toki puumerkkisi ja palautetta \ud83d\ude42<\/p>\n<p>Rauhallista is\u00e4np\u00e4iv\u00e4n loppuiltaa kaikille!<\/p>\n<p>&lt;3 Heidi<\/p>\n<p>&nbsp;<\/p>\n","protected":false},"excerpt":{"rendered":"<p>Kuten varmaan moni aiemmin sivulla vieraillut n\u00e4kee, niin sivun ulkon\u00e4k\u00f6 on muuttunu t\u00e4n illan aikana \ud83d\ude42 Koin aiemman sivun\u00e4kym\u00e4n omasta mielest\u00e4ni tosi turhauttavaksi, koska olin vaan luonut kategorioita, joihin kirjotin artikkeleita. En saanu niit\u00e4 mitenk\u00e4n j\u00e4rkev\u00e4sti niin, ett\u00e4 olis selkeesti n\u00e4kynyt mit\u00e4 mik\u00e4kin postaus koski tai ett\u00e4 olis pystyny valikoimaan jonkun tietyn kirjotuksen. Kun avasit &hellip; <a href=\"https:\/\/pakkoneuloosi86.blogaaja.fi\/?page_id=259\" class=\"more-link\">Jatka artikkeliin <span class=\"screen-reader-text\">-Blogin muokkausta \ud83d\ude42 13.11.2016<\/span><\/a><\/p>\n","protected":false},"author":15737,"featured_media":0,"parent":195,"menu_order":4,"comment_status":"open","ping_status":"closed","template":"","meta":[],"yoast_head":"<!-- This site is optimized with the Yoast SEO plugin v15.6.2 - https:\/\/yoast.com\/wordpress\/plugins\/seo\/ -->\n<title>-Blogin muokkausta :) 13.11.2016 - Pakkoneulootikon el\u00e4m\u00e4\u00e4<\/title>\n<meta name=\"robots\" content=\"index, follow, max-snippet:-1, max-image-preview:large, max-video-preview:-1\" \/>\n<link rel=\"canonical\" href=\"https:\/\/pakkoneuloosi86.blogaaja.fi\/?page_id=259\" \/>\n<meta property=\"og:locale\" content=\"fi_FI\" \/>\n<meta property=\"og:type\" content=\"article\" \/>\n<meta property=\"og:title\" content=\"-Blogin muokkausta :) 13.11.2016 - Pakkoneulootikon el\u00e4m\u00e4\u00e4\" \/>\n<meta property=\"og:description\" content=\"Kuten varmaan moni aiemmin sivulla vieraillut n\u00e4kee, niin sivun ulkon\u00e4k\u00f6 on muuttunu t\u00e4n illan aikana \ud83d\ude42 Koin aiemman sivun\u00e4kym\u00e4n omasta mielest\u00e4ni tosi turhauttavaksi, koska olin vaan luonut kategorioita, joihin kirjotin artikkeleita. En saanu niit\u00e4 mitenk\u00e4n j\u00e4rkev\u00e4sti niin, ett\u00e4 olis selkeesti n\u00e4kynyt mit\u00e4 mik\u00e4kin postaus koski tai ett\u00e4 olis pystyny valikoimaan jonkun tietyn kirjotuksen. Kun avasit &hellip; Jatka artikkeliin -Blogin muokkausta :) 13.11.2016\" \/>\n<meta property=\"og:url\" content=\"https:\/\/pakkoneuloosi86.blogaaja.fi\/?page_id=259\" \/>\n<meta property=\"og:site_name\" content=\"Pakkoneulootikon el\u00e4m\u00e4\u00e4\" \/>\n<meta property=\"article:modified_time\" content=\"2016-12-01T05:10:50+00:00\" \/>\n<meta name=\"twitter:card\" content=\"summary_large_image\" \/>\n<meta name=\"twitter:label1\" content=\"Est. reading time\">\n\t<meta name=\"twitter:data1\" content=\"1 minuutti\">\n<script type=\"application\/ld+json\" class=\"yoast-schema-graph\">{\"@context\":\"https:\/\/schema.org\",\"@graph\":[{\"@type\":\"WebSite\",\"@id\":\"https:\/\/pakkoneuloosi86.blogaaja.fi\/#website\",\"url\":\"https:\/\/pakkoneuloosi86.blogaaja.fi\/\",\"name\":\"Pakkoneulootikon el\\u00e4m\\u00e4\\u00e4\",\"description\":\"Asiasta aidanseip\\u00e4\\u00e4seen ja takasin ;)\",\"potentialAction\":[{\"@type\":\"SearchAction\",\"target\":\"https:\/\/pakkoneuloosi86.blogaaja.fi\/?s={search_term_string}\",\"query-input\":\"required name=search_term_string\"}],\"inLanguage\":\"fi\"},{\"@type\":\"WebPage\",\"@id\":\"https:\/\/pakkoneuloosi86.blogaaja.fi\/?page_id=259#webpage\",\"url\":\"https:\/\/pakkoneuloosi86.blogaaja.fi\/?page_id=259\",\"name\":\"-Blogin muokkausta :) 13.11.2016 - Pakkoneulootikon el\\u00e4m\\u00e4\\u00e4\",\"isPartOf\":{\"@id\":\"https:\/\/pakkoneuloosi86.blogaaja.fi\/#website\"},\"datePublished\":\"2016-11-13T20:04:29+00:00\",\"dateModified\":\"2016-12-01T05:10:50+00:00\",\"inLanguage\":\"fi\",\"potentialAction\":[{\"@type\":\"ReadAction\",\"target\":[\"https:\/\/pakkoneuloosi86.blogaaja.fi\/?page_id=259\"]}]}]}<\/script>\n<!-- \/ Yoast SEO plugin. -->","_links":{"self":[{"href":"https:\/\/pakkoneuloosi86.blogaaja.fi\/index.php?rest_route=\/wp\/v2\/pages\/259"}],"collection":[{"href":"https:\/\/pakkoneuloosi86.blogaaja.fi\/index.php?rest_route=\/wp\/v2\/pages"}],"about":[{"href":"https:\/\/pakkoneuloosi86.blogaaja.fi\/index.php?rest_route=\/wp\/v2\/types\/page"}],"author":[{"embeddable":true,"href":"https:\/\/pakkoneuloosi86.blogaaja.fi\/index.php?rest_route=\/wp\/v2\/users\/15737"}],"replies":[{"embeddable":true,"href":"https:\/\/pakkoneuloosi86.blogaaja.fi\/index.php?rest_route=%2Fwp%2Fv2%2Fcomments&post=259"}],"version-history":[{"count":0,"href":"https:\/\/pakkoneuloosi86.blogaaja.fi\/index.php?rest_route=\/wp\/v2\/pages\/259\/revisions"}],"up":[{"embeddable":true,"href":"https:\/\/pakkoneuloosi86.blogaaja.fi\/index.php?rest_route=\/wp\/v2\/pages\/195"}],"wp:attachment":[{"href":"https:\/\/pakkoneuloosi86.blogaaja.fi\/index.php?rest_route=%2Fwp%2Fv2%2Fmedia&parent=259"}],"curies":[{"name":"wp","href":"https:\/\/api.w.org\/{rel}","templated":true}]}}